{"id":1663,"date":"2018-09-18T14:41:43","date_gmt":"2018-09-18T12:41:43","guid":{"rendered":"https:\/\/ecobnb.de\/blog\/?page_id=1663"},"modified":"2019-04-06T20:25:40","modified_gmt":"2019-04-06T18:25:40","slug":"gutscheine-oeko-reisegeschenk-schenken","status":"publish","type":"page","link":"https:\/\/ecobnb.de\/blog\/gutscheine-oeko-reisegeschenk-schenken\/","title":{"rendered":"Gutscheine f\u00fcr ein \u201e\u00d6ko\u201c-Reisegeschenk: Schenken Sie einen umweltfreundlichen Aufenthalt mit Ecobnb!"},"content":{"rendered":"<h4><em><strong>Gutscheine f\u00fcr Ecoreisegeschenk: Zeichnen Sie Ihre Kunden oder f\u00f6rderen Sie Ihre Produkte mit einem umweltfreundlichen Reise<\/strong><\/em><\/h4>\n<p>Sind Sie ein Unternehmen oder eine \u00f6ffentliche Einrichtung? <strong>ee<\/strong>\u00a0bietet die M\u00f6glichkeit an, einigen <strong>Gutscheine<\/strong>\u00a0f\u00fcr green Aufenthalten zu kaufen, die Sie Ihrer Kunden oder Ihrer Angestellten schenken k\u00f6nnen. Der Gutschein erlaubt den Empf\u00e4nger, seinen <strong>verantwortlichen Aufenthalt<\/strong> zu w\u00e4hlen, unter Hunderten von Biobauernh\u00f6fe, umweltvertr\u00e4glichen bed &amp; breakfast, \u00f6kologischen Gasth\u00f6fe und Hotels, glamping umgeben von Natur und umweltfreundlichen Wohnungen im Italien und Europa.<\/p>\n<p>Die Gutscheine von Ecobnb sind f\u00fcr verschiedene Bedarfe und Ziele angemessen. Zum Beispiel k\u00f6nnen sie benutzt werden:<\/p>\n<p style=\"padding-left: 30px;\">\u2022 als <strong>Preise<\/strong> im Wettbewerbe<br \/>\n\u2022 um die Nummer der Kunden oder Touristen einem besonderen Zielort zu erh\u00f6hen (<strong>Anreizprogramme<\/strong>)<br \/>\n\u2022 als Preise im Kataloge<br \/>\n\u2022 als Weihnachtsgeschenken f\u00fcr die Angestellten oder als <strong>Betriebspreis<\/strong><br \/>\n\u2022 um die aktuellen Kunden zu binden oder um Neueren zu aneignen<br \/>\n\u2022 zus\u00e4tzliche Leistung<\/p>\n\n\t\t<style type=\"text\/css\">\n\t\t\t#gallery-1 {\n\t\t\t\tmargin: auto;\n\t\t\t}\n\t\t\t#gallery-1 .gallery-item {\n\t\t\t\tfloat: left;\n\t\t\t\tmargin-top: 10px;\n\t\t\t\ttext-align: center;\n\t\t\t\twidth: 33%;\n\t\t\t}\n\t\t\t#gallery-1 img {\n\t\t\t\tborder: 2px solid #cfcfcf;\n\t\t\t}\n\t\t\t#gallery-1 .gallery-caption {\n\t\t\t\tmargin-left: 0;\n\t\t\t}\n\t\t\t\/* see gallery_shortcode() in wp-includes\/media.php *\/\n\t\t<\/style>\n\t\t<div id='gallery-1' class='gallery galleryid-1663 gallery-columns-3 gallery-size-thumbnail'><dl class='gallery-item'>\n\t\t\t<dt class='gallery-icon landscape'>\n\t\t\t\t<img width=\"270\" height=\"200\" src=\"https:\/\/ecobnb.de\/blog\/app\/uploads\/sites\/4\/2018\/09\/\u00f6kologisches-bnb.jpg\" class=\"attachment-thumbnail size-thumbnail\" alt=\"\u00f6kologisches bed and breakfast\" aria-describedby=\"gallery-1-1547\" \/>\n\t\t\t<\/dt>\n\t\t\t\t<dd class='wp-caption-text gallery-caption' id='gallery-1-1547'>\n\t\t\t\tEin \u00f6kologisches Bed and Breakfast\n\t\t\t\t<\/dd><\/dl><dl class='gallery-item'>\n\t\t\t<dt class='gallery-icon landscape'>\n\t\t\t\t<img width=\"270\" height=\"200\" src=\"https:\/\/ecobnb.de\/blog\/app\/uploads\/sites\/4\/2018\/09\/biobauerhof.jpg\" class=\"attachment-thumbnail size-thumbnail\" alt=\"Ein Biobauerhof\" aria-describedby=\"gallery-1-1548\" \/>\n\t\t\t<\/dt>\n\t\t\t\t<dd class='wp-caption-text gallery-caption' id='gallery-1-1548'>\n\t\t\t\tEin Biobauerhof\n\t\t\t\t<\/dd><\/dl><dl class='gallery-item'>\n\t\t\t<dt class='gallery-icon landscape'>\n\t\t\t\t<img width=\"270\" height=\"200\" src=\"https:\/\/ecobnb.de\/blog\/app\/uploads\/sites\/4\/2018\/09\/hotel.jpg\" class=\"attachment-thumbnail size-thumbnail\" alt=\"Ein umweltfreudliches Hotel\" aria-describedby=\"gallery-1-1549\" \/>\n\t\t\t<\/dt>\n\t\t\t\t<dd class='wp-caption-text gallery-caption' id='gallery-1-1549'>\n\t\t\t\tEin umweltfreundliches Hotel\n\t\t\t\t<\/dd><\/dl><br style=\"clear: both\" \/>\n\t\t<\/div>\n\n\n\t\t<style type=\"text\/css\">\n\t\t\t#gallery-2 {\n\t\t\t\tmargin: auto;\n\t\t\t}\n\t\t\t#gallery-2 .gallery-item {\n\t\t\t\tfloat: left;\n\t\t\t\tmargin-top: 10px;\n\t\t\t\ttext-align: center;\n\t\t\t\twidth: 33%;\n\t\t\t}\n\t\t\t#gallery-2 img {\n\t\t\t\tborder: 2px solid #cfcfcf;\n\t\t\t}\n\t\t\t#gallery-2 .gallery-caption {\n\t\t\t\tmargin-left: 0;\n\t\t\t}\n\t\t\t\/* see gallery_shortcode() in wp-includes\/media.php *\/\n\t\t<\/style>\n\t\t<div id='gallery-2' class='gallery galleryid-1663 gallery-columns-3 gallery-size-thumbnail'><dl class='gallery-item'>\n\t\t\t<dt class='gallery-icon landscape'>\n\t\t\t\t<img width=\"270\" height=\"200\" src=\"https:\/\/ecobnb.de\/blog\/app\/uploads\/sites\/4\/2018\/09\/fr\u00fchst\u00fcck.jpg\" class=\"attachment-thumbnail size-thumbnail\" alt=\"Fr\u00fchst\u00fcck von Feld auf den Tisch\" aria-describedby=\"gallery-2-1552\" \/>\n\t\t\t<\/dt>\n\t\t\t\t<dd class='wp-caption-text gallery-caption' id='gallery-2-1552'>\n\t\t\t\tFr\u00fchst\u00fcck von Feld auf den Tisch\n\t\t\t\t<\/dd><\/dl><dl class='gallery-item'>\n\t\t\t<dt class='gallery-icon landscape'>\n\t\t\t\t<img width=\"270\" height=\"200\" src=\"https:\/\/ecobnb.de\/blog\/app\/uploads\/sites\/4\/2018\/09\/zimmer.jpg\" class=\"attachment-thumbnail size-thumbnail\" alt=\"Umweltfreundliches Zimmer\" aria-describedby=\"gallery-2-1551\" \/>\n\t\t\t<\/dt>\n\t\t\t\t<dd class='wp-caption-text gallery-caption' id='gallery-2-1551'>\n\t\t\t\tUmweltfreundliches Zimmer\n\t\t\t\t<\/dd><\/dl><dl class='gallery-item'>\n\t\t\t<dt class='gallery-icon landscape'>\n\t\t\t\t<img width=\"270\" height=\"200\" src=\"https:\/\/ecobnb.de\/blog\/app\/uploads\/sites\/4\/2018\/09\/materialen.jpg\" class=\"attachment-thumbnail size-thumbnail\" alt=\"Nat\u00f6rlichen Materialen\" aria-describedby=\"gallery-2-1550\" \/>\n\t\t\t<\/dt>\n\t\t\t\t<dd class='wp-caption-text gallery-caption' id='gallery-2-1550'>\n\t\t\t\tNat\u00fcrlichen Materialen\n\t\t\t\t<\/dd><\/dl><br style=\"clear: both\" \/>\n\t\t<\/div>\n\n<h2>Warum w\u00e4hlen die Gutscheine von Ecobnb?<\/h2>\n<p>Das <strong>Reisen<\/strong> ist immer das perfekte Geschenk! Ein Geschenk, das dem Empf\u00e4nger eine besondere und unvergessliche <strong>Erfahrung<\/strong> anbietet, und das ihm erlaubt, sich auf Sie zu erinnern. Wem das Reisegeschenk bekommt, kann seine Ziele w\u00e4hlen: Es ist genug, in einer unserer Strukturen zu buchen.<br \/>\nAu\u00dferdem w\u00e4hlen Sie ein Unternehmen, das im <strong>Umweltschutz<\/strong> aktiv ist und auf die lokalen Gemeinschaften Acht gibt. Auf diese Weise k\u00f6nnen Sie eine wichtige Botschaft mit Ihren Kunden oder Angestellten mitteilen.<\/p>\n<p>Die Strukturen, die zu unserem Network geh\u00f6ren, sparen bis zu <strong>90% von Ausgaben von CO2<\/strong> im Vergleich mit dem traditionellen Hotels. Wenn man in eine Struktur bucht, die alle 10 Nachhaltigkeitskriterien erf\u00fcllt, spart man bis zu <strong>8085g von CO2 und 302l von Wasser<\/strong> t\u00e4glich pro Person.<\/p>\n<p>Die Quantit\u00e4t von CO2 wird in B\u00e4ume \u00fcbersetzt: wenn wir CO2 sparen, einpflanzen wir die B\u00e4ume, w\u00e4hrend Ausgaben produzieren bedeutet sie verloren. Ein Nacht in einer der greenerer Strukturen von Ecobnb kommt sich gleich, an <strong>295 neueren B\u00e4ume pflanzen<\/strong>. Eine kleine Geste, die die Welt retten kann. Dank unsere Zusammenarbeit mit <a href=\"https:\/\/ecobnb.de\/blog\/baeume-retten-ecobnb-reisen\/\" target=\"_blank\">HowManyTrees<\/a> k\u00f6nnen wir mit Exaktheit kalkulieren, wie viel CO2 mit jedem Aufenthalt gespart wird. Wir bieten den Unternehmen an, die unsere Gutscheine kaufen, ein <strong>kostenloses Report<\/strong> \u00fcber die CO2 pro Nacht gespart.<\/p>\n<p>Wenn Sie ein Gr\u00fcnreise schenken, wirken Sie mit, die Ausgaben von CO2 im Tourismus zu reduzieren.<br \/>\nDiese <strong>Gr\u00fcngeschenkidee<\/strong> hilft Ihnen, um Ihre <strong>Corporate Social Responsibility<\/strong> zu verbessern. Ein umweltfreundliche Aufenthalt als Geschenk zeigt Ihrer Kunden und Mitarbeiter, dass Sie sich an die <strong>Nachhaltigkeit<\/strong> interessieren, und dass Sie respektvolle Tourismusformen st\u00fctzen.<br \/>\n<a href=\"https:\/\/ecobnb.de\/blog\/kontakt\/\" target=\"_blank\">Kontaktieren<\/a> Sie uns und sagen Sie Ihre Bedarfe als Unternehmen oder \u00f6ffentliche Einrichtung: Wir werden unser M\u00f6glichtes tun, um die perfekte Losung zusammen zu finden.<\/p>\n<h2>Wer glaubt schon in Ecobnb<\/h2>\n<p><img class=\"alignnone wp-image-1558\" src=\"https:\/\/ecobnb.de\/blog\/app\/uploads\/sites\/4\/2018\/09\/muse.png\" alt=\"muse\" width=\"250\" height=\"111\" srcset=\"https:\/\/ecobnb.de\/blog\/app\/uploads\/sites\/4\/2018\/09\/muse.png 459w, https:\/\/ecobnb.de\/blog\/app\/uploads\/sites\/4\/2018\/09\/muse-344x152.png 344w\" sizes=\"(max-width: 250px) 100vw, 250px\" \/>\u00a0 \u00a0 \u00a0 \u00a0 \u00a0 \u00a0\u00a0<img class=\"alignnone wp-image-1559\" src=\"https:\/\/ecobnb.de\/blog\/app\/uploads\/sites\/4\/2018\/09\/henkel.png\" alt=\"henkel\" width=\"250\" height=\"127\" srcset=\"https:\/\/ecobnb.de\/blog\/app\/uploads\/sites\/4\/2018\/09\/henkel.png 458w, https:\/\/ecobnb.de\/blog\/app\/uploads\/sites\/4\/2018\/09\/henkel-344x175.png 344w\" sizes=\"(max-width: 250px) 100vw, 250px\" \/>\u00a0 \u00a0 \u00a0 \u00a0\u00a0<img class=\"alignnone wp-image-1560\" src=\"https:\/\/ecobnb.de\/blog\/app\/uploads\/sites\/4\/2018\/09\/lattebusche.jpg\" alt=\"lattebusche\" width=\"250\" height=\"168\" srcset=\"https:\/\/ecobnb.de\/blog\/app\/uploads\/sites\/4\/2018\/09\/lattebusche.jpg 573w, https:\/\/ecobnb.de\/blog\/app\/uploads\/sites\/4\/2018\/09\/lattebusche-536x359.jpg 536w, https:\/\/ecobnb.de\/blog\/app\/uploads\/sites\/4\/2018\/09\/lattebusche-344x231.jpg 344w\" sizes=\"(max-width: 250px) 100vw, 250px\" \/><\/p>\n<p><img class=\"alignnone wp-image-1561\" src=\"https:\/\/ecobnb.de\/blog\/app\/uploads\/sites\/4\/2018\/09\/tetrapak.png\" alt=\"tetrapak\" width=\"300\" height=\"72\" srcset=\"https:\/\/ecobnb.de\/blog\/app\/uploads\/sites\/4\/2018\/09\/tetrapak.png 500w, https:\/\/ecobnb.de\/blog\/app\/uploads\/sites\/4\/2018\/09\/tetrapak-344x83.png 344w\" sizes=\"(max-width: 300px) 100vw, 300px\" \/>\u00a0\u00a0 \u00a0 \u00a0 <img class=\"alignnone wp-image-1562\" src=\"https:\/\/ecobnb.de\/blog\/app\/uploads\/sites\/4\/2018\/09\/liquigas.jpg\" alt=\"liquigas\" width=\"250\" height=\"65\" srcset=\"https:\/\/ecobnb.de\/blog\/app\/uploads\/sites\/4\/2018\/09\/liquigas.jpg 458w, https:\/\/ecobnb.de\/blog\/app\/uploads\/sites\/4\/2018\/09\/liquigas-344x89.jpg 344w\" sizes=\"(max-width: 250px) 100vw, 250px\" \/>\u00a0 \u00a0 \u00a0 \u00a0<img class=\"alignnone wp-image-1555\" src=\"https:\/\/ecobnb.de\/blog\/app\/uploads\/sites\/4\/2018\/09\/agos.jpg\" alt=\"agos\" width=\"250\" height=\"63\" srcset=\"https:\/\/ecobnb.de\/blog\/app\/uploads\/sites\/4\/2018\/09\/agos.jpg 458w, https:\/\/ecobnb.de\/blog\/app\/uploads\/sites\/4\/2018\/09\/agos-344x86.jpg 344w\" sizes=\"(max-width: 250px) 100vw, 250px\" \/><\/p>\n<p><img class=\"alignnone wp-image-1563\" src=\"https:\/\/ecobnb.de\/blog\/app\/uploads\/sites\/4\/2018\/09\/unilever.png\" alt=\"unilever\" width=\"180\" height=\"199\" \/>\u00a0 \u00a0 \u00a0 \u00a0 \u00a0 \u00a0 \u00a0 \u00a0 \u00a0\u00a0<img class=\"alignnone wp-image-1564\" src=\"https:\/\/ecobnb.de\/blog\/app\/uploads\/sites\/4\/2018\/09\/zucchi.png\" alt=\"zucchi\" width=\"250\" height=\"204\" srcset=\"https:\/\/ecobnb.de\/blog\/app\/uploads\/sites\/4\/2018\/09\/zucchi.png 519w, https:\/\/ecobnb.de\/blog\/app\/uploads\/sites\/4\/2018\/09\/zucchi-344x280.png 344w\" sizes=\"(max-width: 250px) 100vw, 250px\" \/>\u00a0 \u00a0 \u00a0 \u00a0 \u00a0<img class=\"alignnone wp-image-1565\" src=\"https:\/\/ecobnb.de\/blog\/app\/uploads\/sites\/4\/2018\/09\/calve-870x490.jpg\" alt=\"calve\" width=\"270\" height=\"189\" srcset=\"https:\/\/ecobnb.de\/blog\/app\/uploads\/sites\/4\/2018\/09\/calve-536x375.jpg 536w, https:\/\/ecobnb.de\/blog\/app\/uploads\/sites\/4\/2018\/09\/calve-344x241.jpg 344w, https:\/\/ecobnb.de\/blog\/app\/uploads\/sites\/4\/2018\/09\/calve.jpg 1024w\" sizes=\"(max-width: 270px) 100vw, 270px\" \/><\/p>\n<p><img class=\"alignnone wp-image-1556\" src=\"https:\/\/ecobnb.de\/blog\/app\/uploads\/sites\/4\/2018\/09\/alpine-pearls.jpg\" alt=\"alpine pearls\" width=\"250\" height=\"188\" srcset=\"https:\/\/ecobnb.de\/blog\/app\/uploads\/sites\/4\/2018\/09\/alpine-pearls.jpg 572w, https:\/\/ecobnb.de\/blog\/app\/uploads\/sites\/4\/2018\/09\/alpine-pearls-536x404.jpg 536w, https:\/\/ecobnb.de\/blog\/app\/uploads\/sites\/4\/2018\/09\/alpine-pearls-344x259.jpg 344w\" sizes=\"(max-width: 250px) 100vw, 250px\" \/> <img class=\"alignnone size-full wp-image-1566\" src=\"https:\/\/ecobnb.de\/blog\/app\/uploads\/sites\/4\/2018\/09\/parco-adamello.png\" alt=\"parco adamello\" width=\"300\" height=\"180\" \/> <img class=\"alignnone size-full wp-image-1567\" src=\"https:\/\/ecobnb.de\/blog\/app\/uploads\/sites\/4\/2018\/09\/slovenia-green.jpg\" alt=\"slovenia green\" width=\"300\" height=\"200\" \/><\/p>\n<p>&nbsp;<\/p>\n<h3><strong><a href=\"https:\/\/docs.google.com\/presentation\/d\/1iw8L_yS76r1A7bvuf0Dy8qCOHJ4JwlymYu80ILMl2Hs\/edit?usp=sharing\" target=\"_blank\">Ecobnb &#8211; heunterladen Sie die Pr\u00e4sentation des Projekt und der Reisegutscheine<\/a> <\/strong><\/h3>\n","protected":false},"excerpt":{"rendered":"<p>Gutscheine f\u00fcr Ecoreisegeschenk: Zeichnen Sie Ihre Kunden oder f\u00f6rderen Sie Ihre Produkte mit einem umweltfreundlichen Reise Sind Sie ein Unternehmen oder eine \u00f6ffentliche Einrichtung? ee\u00a0bietet die M\u00f6glichkeit an, einigen Gutscheine\u00a0f\u00fcr green Aufenthalten zu kaufen, die Sie Ihrer Kunden oder Ihrer Angestellten schenken k\u00f6nnen. Der Gutschein erlaubt den Empf\u00e4nger, seinen verantwortlichen Aufenthalt zu w\u00e4hlen, unter Hunderten [&hellip;]<\/p>\n","protected":false},"author":89,"featured_media":1553,"parent":0,"menu_order":0,"comment_status":"closed","ping_status":"open","template":"","meta":[],"acf":[],"yoast_head":"<!-- This site is optimized with the Yoast SEO plugin v19.9 - https:\/\/yoast.com\/wordpress\/plugins\/seo\/ -->\n<title>Gutscheine f\u00fcr ein &quot;\u00d6ko&quot;-Reisegeschenk - Ecobnb<\/title>\n<meta name=\"description\" content=\"Mit diesen Gutscheine bietet Ecobnb die M\u00f6glichkeit an, Ihre Kunden oder Angestellten gl\u00fccklich zu machen, w\u00e4hrend die Umwelt zu helfen.\" \/>\n<meta name=\"robots\" content=\"index, follow, max-snippet:-1, max-image-preview:large, max-video-preview:-1\" \/>\n<link rel=\"canonical\" href=\"https:\/\/ecobnb.de\/blog\/gutscheine-oeko-reisegeschenk-schenken\/\" \/>\n<meta property=\"og:locale\" content=\"de_DE\" \/>\n<meta property=\"og:type\" content=\"article\" \/>\n<meta property=\"og:title\" content=\"Gutscheine f\u00fcr ein &quot;\u00d6ko&quot;-Reisegeschenk - Ecobnb\" \/>\n<meta property=\"og:description\" content=\"Mit diesen Gutscheine bietet Ecobnb die M\u00f6glichkeit an, Ihre Kunden oder Angestellten gl\u00fccklich zu machen, w\u00e4hrend die Umwelt zu helfen.\" \/>\n<meta property=\"og:url\" content=\"https:\/\/ecobnb.de\/blog\/gutscheine-oeko-reisegeschenk-schenken\/\" \/>\n<meta property=\"og:site_name\" content=\"Ecobnb\" \/>\n<meta property=\"article:modified_time\" content=\"2019-04-06T18:25:40+00:00\" \/>\n<meta property=\"og:image\" content=\"https:\/\/ecobnb.de\/blog\/app\/uploads\/sites\/4\/2018\/09\/Copy-of-Gift-Voucher.jpg\" \/>\n\t<meta property=\"og:image:width\" content=\"1000\" \/>\n\t<meta property=\"og:image:height\" content=\"400\" \/>\n\t<meta property=\"og:image:type\" content=\"image\/jpeg\" \/>\n<meta name=\"twitter:card\" content=\"summary_large_image\" \/>\n<meta name=\"twitter:label1\" content=\"Est. reading time\" \/>\n\t<meta name=\"twitter:data1\" content=\"2 minutes\" \/>\n<!-- \/ Yoast SEO plugin. -->","yoast_head_json":{"title":"Gutscheine f\u00fcr ein \"\u00d6ko\"-Reisegeschenk - Ecobnb","description":"Mit diesen Gutscheine bietet Ecobnb die M\u00f6glichkeit an, Ihre Kunden oder Angestellten gl\u00fccklich zu machen, w\u00e4hrend die Umwelt zu helfen.","robots":{"index":"index","follow":"follow","max-snippet":"max-snippet:-1","max-image-preview":"max-image-preview:large","max-video-preview":"max-video-preview:-1"},"canonical":"https:\/\/ecobnb.de\/blog\/gutscheine-oeko-reisegeschenk-schenken\/","og_locale":"de_DE","og_type":"article","og_title":"Gutscheine f\u00fcr ein \"\u00d6ko\"-Reisegeschenk - Ecobnb","og_description":"Mit diesen Gutscheine bietet Ecobnb die M\u00f6glichkeit an, Ihre Kunden oder Angestellten gl\u00fccklich zu machen, w\u00e4hrend die Umwelt zu helfen.","og_url":"https:\/\/ecobnb.de\/blog\/gutscheine-oeko-reisegeschenk-schenken\/","og_site_name":"Ecobnb","article_modified_time":"2019-04-06T18:25:40+00:00","og_image":[{"width":1000,"height":400,"url":"https:\/\/ecobnb.de\/blog\/app\/uploads\/sites\/4\/2018\/09\/Copy-of-Gift-Voucher.jpg","type":"image\/jpeg"}],"twitter_card":"summary_large_image","twitter_misc":{"Est. reading time":"2 minutes"},"schema":{"@context":"https:\/\/schema.org","@graph":[{"@type":"WebPage","@id":"https:\/\/ecobnb.de\/blog\/gutscheine-oeko-reisegeschenk-schenken\/","url":"https:\/\/ecobnb.de\/blog\/gutscheine-oeko-reisegeschenk-schenken\/","name":"Gutscheine f\u00fcr ein \"\u00d6ko\"-Reisegeschenk - Ecobnb","isPartOf":{"@id":"https:\/\/ecobnb.de\/blog\/#website"},"datePublished":"2018-09-18T12:41:43+00:00","dateModified":"2019-04-06T18:25:40+00:00","description":"Mit diesen Gutscheine bietet Ecobnb die M\u00f6glichkeit an, Ihre Kunden oder Angestellten gl\u00fccklich zu machen, w\u00e4hrend die Umwelt zu helfen.","breadcrumb":{"@id":"https:\/\/ecobnb.de\/blog\/gutscheine-oeko-reisegeschenk-schenken\/#breadcrumb"},"inLanguage":"de-DE","potentialAction":[{"@type":"ReadAction","target":["https:\/\/ecobnb.de\/blog\/gutscheine-oeko-reisegeschenk-schenken\/"]}]},{"@type":"BreadcrumbList","@id":"https:\/\/ecobnb.de\/blog\/gutscheine-oeko-reisegeschenk-schenken\/#breadcrumb","itemListElement":[{"@type":"ListItem","position":1,"name":"Home","item":"https:\/\/ecobnb.de\/blog\/"},{"@type":"ListItem","position":2,"name":"Gutscheine f\u00fcr ein \u201e\u00d6ko\u201c-Reisegeschenk: Schenken Sie einen umweltfreundlichen Aufenthalt mit Ecobnb!"}]},{"@type":"WebSite","@id":"https:\/\/ecobnb.de\/blog\/#website","url":"https:\/\/ecobnb.de\/blog\/","name":"Ecobnb","description":"Find sustainable accommodation","potentialAction":[{"@type":"SearchAction","target":{"@type":"EntryPoint","urlTemplate":"https:\/\/ecobnb.de\/blog\/?s={search_term_string}"},"query-input":"required name=search_term_string"}],"inLanguage":"de-DE"}]}},"_links":{"self":[{"href":"https:\/\/ecobnb.de\/blog\/wp-json\/wp\/v2\/pages\/1663"}],"collection":[{"href":"https:\/\/ecobnb.de\/blog\/wp-json\/wp\/v2\/pages"}],"about":[{"href":"https:\/\/ecobnb.de\/blog\/wp-json\/wp\/v2\/types\/page"}],"author":[{"embeddable":true,"href":"https:\/\/ecobnb.de\/blog\/wp-json\/wp\/v2\/users\/89"}],"replies":[{"embeddable":true,"href":"https:\/\/ecobnb.de\/blog\/wp-json\/wp\/v2\/comments?post=1663"}],"version-history":[{"count":6,"href":"https:\/\/ecobnb.de\/blog\/wp-json\/wp\/v2\/pages\/1663\/revisions"}],"predecessor-version":[{"id":1670,"href":"https:\/\/ecobnb.de\/blog\/wp-json\/wp\/v2\/pages\/1663\/revisions\/1670"}],"wp:featuredmedia":[{"embeddable":true,"href":"https:\/\/ecobnb.de\/blog\/wp-json\/wp\/v2\/media\/1553"}],"wp:attachment":[{"href":"https:\/\/ecobnb.de\/blog\/wp-json\/wp\/v2\/media?parent=1663"}],"curies":[{"name":"wp","href":"https:\/\/api.w.org\/{rel}","templated":true}]}}