{"id":1764,"date":"2018-12-24T15:35:35","date_gmt":"2018-12-24T14:35:35","guid":{"rendered":"https:\/\/ecobnb.de\/blog\/?page_id=1764"},"modified":"2023-03-17T09:17:40","modified_gmt":"2023-03-17T08:17:40","slug":"geschenkkarte-zahlung","status":"publish","type":"page","link":"https:\/\/ecobnb.de\/blog\/geschenkkarte-zahlung\/","title":{"rendered":"Geschenkkarte: So erhalten Sie die Zahlung eines Aufenthaltes mit einer Geschenkkarte"},"content":{"rendered":"<p class=\"custom-cursor-default-hover\">Ecobnb-Geschenkkarten sind <strong>digitale Geschenkkarten<\/strong>, d.h. Prepaid-Zahlungskarten, die in verschiedenen Werten (10\u20ac, 50\u20ac 100\u20ac usw.) erh\u00e4ltlich sind und auf der Ecobnb-Plattform eingel\u00f6st werden k\u00f6nnen. Bei Reservierungen mit einer Geschenkkarte, werden die Kosten des Aufenthaltes von Ecobnb an die Unterkunft gezahlt und nicht direkt vom Kunden. Wie die Zahlung von Ecobnb beantragt werden kann k\u00f6nnen Sie in diesem Beitrag lesen.<\/p>\n<p class=\"custom-cursor-default-hover\"><img class=\"alignnone wp-image-1840 size-full custom-cursor-default-hover\" src=\"https:\/\/ecobnb.de\/blog\/app\/uploads\/sites\/4\/2018\/12\/gift-card-digitale.jpg\" alt=\"Digitale Geschenkkarte f\u00fcr gr\u00fcne Aufenthalte\" width=\"1170\" height=\"490\" srcset=\"https:\/\/ecobnb.de\/blog\/app\/uploads\/sites\/4\/2018\/12\/gift-card-digitale.jpg 1170w, https:\/\/ecobnb.de\/blog\/app\/uploads\/sites\/4\/2018\/12\/gift-card-digitale-536x224.jpg 536w, https:\/\/ecobnb.de\/blog\/app\/uploads\/sites\/4\/2018\/12\/gift-card-digitale-344x144.jpg 344w\" sizes=\"(max-width: 1170px) 100vw, 1170px\" \/><\/p>\n<h2 class=\"custom-cursor-default-hover\">Wie erkenne ich eine Geschenkkartenbuchung?<\/h2>\n<p class=\"custom-cursor-default-hover\">Wenn Sie eine <strong class=\"custom-cursor-default-hover\">Buchungsbest\u00e4tigung<\/strong> mit einer Geschenkkarte erhalten, werden diese Informationen durch ein gr\u00fcnes K\u00e4stchen (siehe Abbildung untern) dargestellt.<\/p>\n<blockquote class=\"custom-cursor-default-hover\">\n<p class=\"custom-cursor-default-hover\"><em><strong class=\"custom-cursor-default-hover\">F\u00fcr diese Buchung wurde eine Ecobnb-Geschenkkarte verwendet<\/strong>.<\/em><br \/>\n<em class=\"custom-cursor-default-hover\">Der Reisende bezahlt die Kosten von 0 \u20ac zuz\u00fcglich der Kurtaxe, falls f\u00e4llig.<\/em><br \/>\n<em class=\"custom-cursor-default-hover\">Ecobnb bezahlt den Betrag von X \u20ac, der von 10% Provision abgezogen wird, wenn Sie keine PRO- oder PLUS-Mitgliedschaft haben.<\/em><br \/>\n<em class=\"custom-cursor-default-hover\">Sie m\u00fcssen eine nur an den Reisenden adressierte Rechnung \/ Quittung f\u00fcr insgesamt \u20ac X ausstellen und Ecobnb f\u00fchrt die Zahlung automatisch \u00fcber Stripe durch.<\/em><\/p>\n<p class=\"custom-cursor-default-hover\"><em>Es ist keine Aktion erforderlich.<\/em><\/p>\n<\/blockquote>\n<p class=\"custom-cursor-default-hover\"><img class=\"custom-cursor-default-hover alignnone wp-image-3181 size-full\" src=\"https:\/\/ecobnb.de\/blog\/app\/uploads\/sites\/4\/2023\/03\/Booking-confirmed-gift-card.png\" alt=\"Beispiel einer Nachricht mit Green Box, die die Buchung mit Geschenkkarte (Geschenkkarte) auszeichnet\" width=\"618\" height=\"716\" srcset=\"https:\/\/ecobnb.de\/blog\/app\/uploads\/sites\/4\/2023\/03\/Booking-confirmed-gift-card.png 618w, https:\/\/ecobnb.de\/blog\/app\/uploads\/sites\/4\/2023\/03\/Booking-confirmed-gift-card-536x621.png 536w, https:\/\/ecobnb.de\/blog\/app\/uploads\/sites\/4\/2023\/03\/Booking-confirmed-gift-card-344x399.png 344w\" sizes=\"(max-width: 618px) 100vw, 618px\" \/><\/p>\n<h2 class=\"custom-cursor-default-hover\">Wer bezahlt die Reservierung mit einer Geschenkkarte?<\/h2>\n<p class=\"custom-cursor-default-hover\">Wie in der von Ecobnb per E-Mail erhaltenen Nachricht schon erkl\u00e4rt:<\/p>\n<ul>\n<li class=\"custom-cursor-default-hover\"><strong>Ecobnb<\/strong> bezahlt den vom Reisenden erworbenen Betrag mit einer in der Reservierungsnachricht angegebenen Geschenkkarte<\/li>\n<li class=\"custom-cursor-default-hover\"><strong>Der Reisende<\/strong> zahlt Ihnen den verbleibenden Betrag (in der Buchungsmeldung angegeben) und die eventuelle Kurtaxe.<\/li>\n<\/ul>\n<h2 class=\"custom-cursor-default-hover\">Wem m\u00fcssen Sie die Rechnung\/ Quittung ausstellen?<\/h2>\n<p class=\"custom-cursor-default-hover\">Bei der Buchung mit einer Geschenkkarte m\u00fcssen Sie dem <strong class=\"custom-cursor-default-hover\">Reisenden eine Rechnung oder Quittung<\/strong> ausstellen, wie bei einer normalen Buchung \u00fcber Ecobnb.<\/p>\n<h2 class=\"custom-cursor-default-hover\">Wie erhalten Sie eine Zahlung vom Reisenden?<\/h2>\n<p class=\"custom-cursor-default-hover\">Sie k\u00f6nnen selber entscheiden, auf welche Weise Sie die Zahlung des Reisenden erhalten m\u00f6chten.<\/p>\n<h2 class=\"custom-cursor-default-hover\">Wie erhalte ich eine Zahlung f\u00fcr einen gebuchten Aufenthalt mit einer Geschenkkarte?<\/h2>\n<p class=\"custom-cursor-default-hover\">Die Zahlung der f\u00e4lligen Geschenkkartengeb\u00fchr durch Ecobnb erfolgt <strong>automatisch<\/strong>.<\/p>\n<p class=\"custom-cursor-default-hover\">Am Tag der Abreise um Mitternacht erhalten Sie von Ecobnb eine Nachricht, dass die Zahlung der Geschenkkarte von Ecobnb \u00fcbernommen wurde.<\/p>\n<p class=\"custom-cursor-default-hover\">In den folgenden Tagen wird die R\u00fcckerstattung der Geschenkkarte von Ecobnb akzeptiert, und Sie erhalten daher eine neue E-Mail-Nachricht, die die Zahlung der Geschenkkarte best\u00e4tigt, und einige Tage sp\u00e4ter erhalten Sie den Betrag auf Ihrem Bankkonto \u00fcber <strong>STRIPE<\/strong>.<\/p>\n<h2 class=\"custom-cursor-default-hover\">Wann erhalte ich eine Zahlung von Ecobnb?<\/h2>\n<p class=\"custom-cursor-default-hover\">Nach Eingang der Zahlungsaufforderung erhalten Sie innerhalb von <strong class=\"custom-cursor-default-hover\">7 Tagen<\/strong> die Zahlungsbest\u00e4tigung und falls f\u00e4llig, die Ecobnb-Rechnung f\u00fcr die 10% Provision.<\/p>\n<p>Die Zahlung von Ecobnb erfolgt \u00fcber das sichere Online-Zahlungssystem Stripe direkt an das angegebene Girokonto der Unterkunft. Sie erhalten daher eine Zahlung von Stripe auf Ihrem Konto gem\u00e4\u00df den Bank\u00fcbergangszeiten.<\/p>\n<h2>Haben Sie Zweifel oder Fragen zur Geschenkkarte?<\/h2>\n<p>Schreiben Sie uns an coupon@ecobnb.com<\/p>\n","protected":false},"excerpt":{"rendered":"<p>Ecobnb-Geschenkkarten sind digitale Geschenkkarten, d.h. Prepaid-Zahlungskarten, die in verschiedenen Werten (10\u20ac, 50\u20ac 100\u20ac usw.) erh\u00e4ltlich sind und auf der Ecobnb-Plattform eingel\u00f6st werden k\u00f6nnen. Bei Reservierungen mit einer Geschenkkarte, werden die Kosten des Aufenthaltes von Ecobnb an die Unterkunft gezahlt und nicht direkt vom Kunden. Wie die Zahlung von Ecobnb beantragt werden kann k\u00f6nnen Sie in [&hellip;]<\/p>\n","protected":false},"author":54,"featured_media":0,"parent":0,"menu_order":0,"comment_status":"closed","ping_status":"open","template":"","meta":[],"acf":[],"yoast_head":"<!-- This site is optimized with the Yoast SEO plugin v19.9 - https:\/\/yoast.com\/wordpress\/plugins\/seo\/ -->\n<title>Geschenkkarte: So erhalten Sie die Zahlung - Ecobnb<\/title>\n<meta name=\"description\" content=\"Wie erhalte ich eine Zahlung f\u00fcr einen gebuchten Aufenthalt mit einer Ecobnb-Geschenkkarte? Wer bezahlt die Reservierung mit einer Geschenkkarte?\" \/>\n<meta name=\"robots\" content=\"index, follow, max-snippet:-1, max-image-preview:large, max-video-preview:-1\" \/>\n<link rel=\"canonical\" href=\"https:\/\/ecobnb.de\/blog\/geschenkkarte-zahlung\/\" \/>\n<meta property=\"og:locale\" content=\"de_DE\" \/>\n<meta property=\"og:type\" content=\"article\" \/>\n<meta property=\"og:title\" content=\"Geschenkkarte: So erhalten Sie die Zahlung - Ecobnb\" \/>\n<meta property=\"og:description\" content=\"Wie erhalte ich eine Zahlung f\u00fcr einen gebuchten Aufenthalt mit einer Ecobnb-Geschenkkarte? Wer bezahlt die Reservierung mit einer Geschenkkarte?\" \/>\n<meta property=\"og:url\" content=\"https:\/\/ecobnb.de\/blog\/geschenkkarte-zahlung\/\" \/>\n<meta property=\"og:site_name\" content=\"Ecobnb\" \/>\n<meta property=\"article:modified_time\" content=\"2023-03-17T08:17:40+00:00\" \/>\n<meta property=\"og:image\" content=\"https:\/\/ecobnb.de\/blog\/app\/uploads\/sites\/4\/2018\/12\/gift-card-digitale.jpg\" \/>\n<meta name=\"twitter:card\" content=\"summary_large_image\" \/>\n<meta name=\"twitter:label1\" content=\"Est. reading time\" \/>\n\t<meta name=\"twitter:data1\" content=\"3 minutes\" \/>\n<!-- \/ Yoast SEO plugin. -->","yoast_head_json":{"title":"Geschenkkarte: So erhalten Sie die Zahlung - Ecobnb","description":"Wie erhalte ich eine Zahlung f\u00fcr einen gebuchten Aufenthalt mit einer Ecobnb-Geschenkkarte? Wer bezahlt die Reservierung mit einer Geschenkkarte?","robots":{"index":"index","follow":"follow","max-snippet":"max-snippet:-1","max-image-preview":"max-image-preview:large","max-video-preview":"max-video-preview:-1"},"canonical":"https:\/\/ecobnb.de\/blog\/geschenkkarte-zahlung\/","og_locale":"de_DE","og_type":"article","og_title":"Geschenkkarte: So erhalten Sie die Zahlung - Ecobnb","og_description":"Wie erhalte ich eine Zahlung f\u00fcr einen gebuchten Aufenthalt mit einer Ecobnb-Geschenkkarte? Wer bezahlt die Reservierung mit einer Geschenkkarte?","og_url":"https:\/\/ecobnb.de\/blog\/geschenkkarte-zahlung\/","og_site_name":"Ecobnb","article_modified_time":"2023-03-17T08:17:40+00:00","og_image":[{"url":"https:\/\/ecobnb.de\/blog\/app\/uploads\/sites\/4\/2018\/12\/gift-card-digitale.jpg"}],"twitter_card":"summary_large_image","twitter_misc":{"Est. reading time":"3 minutes"},"schema":{"@context":"https:\/\/schema.org","@graph":[{"@type":"WebPage","@id":"https:\/\/ecobnb.de\/blog\/geschenkkarte-zahlung\/","url":"https:\/\/ecobnb.de\/blog\/geschenkkarte-zahlung\/","name":"Geschenkkarte: So erhalten Sie die Zahlung - Ecobnb","isPartOf":{"@id":"https:\/\/ecobnb.de\/blog\/#website"},"datePublished":"2018-12-24T14:35:35+00:00","dateModified":"2023-03-17T08:17:40+00:00","description":"Wie erhalte ich eine Zahlung f\u00fcr einen gebuchten Aufenthalt mit einer Ecobnb-Geschenkkarte? Wer bezahlt die Reservierung mit einer Geschenkkarte?","breadcrumb":{"@id":"https:\/\/ecobnb.de\/blog\/geschenkkarte-zahlung\/#breadcrumb"},"inLanguage":"de-DE","potentialAction":[{"@type":"ReadAction","target":["https:\/\/ecobnb.de\/blog\/geschenkkarte-zahlung\/"]}]},{"@type":"BreadcrumbList","@id":"https:\/\/ecobnb.de\/blog\/geschenkkarte-zahlung\/#breadcrumb","itemListElement":[{"@type":"ListItem","position":1,"name":"Home","item":"https:\/\/ecobnb.de\/blog\/"},{"@type":"ListItem","position":2,"name":"Geschenkkarte: So erhalten Sie die Zahlung eines Aufenthaltes mit einer Geschenkkarte"}]},{"@type":"WebSite","@id":"https:\/\/ecobnb.de\/blog\/#website","url":"https:\/\/ecobnb.de\/blog\/","name":"Ecobnb","description":"Find sustainable accommodation","potentialAction":[{"@type":"SearchAction","target":{"@type":"EntryPoint","urlTemplate":"https:\/\/ecobnb.de\/blog\/?s={search_term_string}"},"query-input":"required name=search_term_string"}],"inLanguage":"de-DE"}]}},"_links":{"self":[{"href":"https:\/\/ecobnb.de\/blog\/wp-json\/wp\/v2\/pages\/1764"}],"collection":[{"href":"https:\/\/ecobnb.de\/blog\/wp-json\/wp\/v2\/pages"}],"about":[{"href":"https:\/\/ecobnb.de\/blog\/wp-json\/wp\/v2\/types\/page"}],"author":[{"embeddable":true,"href":"https:\/\/ecobnb.de\/blog\/wp-json\/wp\/v2\/users\/54"}],"replies":[{"embeddable":true,"href":"https:\/\/ecobnb.de\/blog\/wp-json\/wp\/v2\/comments?post=1764"}],"version-history":[{"count":8,"href":"https:\/\/ecobnb.de\/blog\/wp-json\/wp\/v2\/pages\/1764\/revisions"}],"predecessor-version":[{"id":3184,"href":"https:\/\/ecobnb.de\/blog\/wp-json\/wp\/v2\/pages\/1764\/revisions\/3184"}],"wp:attachment":[{"href":"https:\/\/ecobnb.de\/blog\/wp-json\/wp\/v2\/media?parent=1764"}],"curies":[{"name":"wp","href":"https:\/\/api.w.org\/{rel}","templated":true}]}}