{"id":1833,"date":"2019-04-06T17:40:58","date_gmt":"2019-04-06T15:40:58","guid":{"rendered":"https:\/\/ecobnb.de\/blog\/?page_id=1833"},"modified":"2020-04-16T19:55:16","modified_gmt":"2020-04-16T17:55:16","slug":"geschenkkarte-einzigartiges-geschenk-gruene-erfahrungen","status":"publish","type":"page","link":"https:\/\/ecobnb.de\/blog\/geschenkkarte-einzigartiges-geschenk-gruene-erfahrungen\/","title":{"rendered":"Geschenkkarte: ein einzigartiges Geschenk und gr\u00fcne Erfahrungen!"},"content":{"rendered":"<h2 class=\"subtitle\">Bek\u00e4mpfen Sie Angst, Verschwendung und Verschmutzung von Geschenken in einem Zug: Mit den digitalen Geschenkkarten von Ecobnb k\u00f6nnen Sie einzigartige und nachhaltige Erfahrungen machen!<\/h2>\n<p>Das richtige Geschenk f\u00fcr jeden Menschen zu finden, scheint eine unm\u00f6gliche Mission zu sein? Suchen Sie noch nach dem perfekten Geschenk, das nicht in der Schachtel ungenutzter Gegenst\u00e4nde landet und die Umwelt belastet? Ganz einfach: Mit der Ecobnb-Geschenkkarte erhalten Sie ein einzigartiges und gr\u00fcnes Erlebnis, eine <strong>unvergessliche Reise im Einklang mit der Natur<\/strong>!<\/p>\n<p><strong>Schenken Sie mit der Ecobnb-Geschenkkarte ein gr\u00fcnes Erlebnis!<\/strong><\/p>\n<p><img class=\"alignnone wp-image-1795 size-large\" src=\"https:\/\/ecobnb.de\/blog\/app\/uploads\/sites\/4\/2019\/01\/2-870x490.jpg\" alt=\"Geschenkkarte: ein einzigartiges Geschenk und gr\u00fcne Erfahrungen!\" width=\"870\" height=\"490\" srcset=\"https:\/\/ecobnb.de\/blog\/app\/uploads\/sites\/4\/2019\/01\/2-870x490.jpg 870w, https:\/\/ecobnb.de\/blog\/app\/uploads\/sites\/4\/2019\/01\/2-570x320.jpg 570w\" sizes=\"(max-width: 870px) 100vw, 870px\" \/><\/p>\n<p>Ein <strong>Wochenende auf einem Biobauernhof<\/strong>, in dem Sie lernen, wie K\u00e4se hergestellt wird oder einen <strong>Yoga-Urlaub<\/strong> erleben k\u00f6nnen. Ein romantischer Kurzurlaub in einem alten Schloss, das in ein weit verbreitetes Hotel umgewandelt wurde, oder eine Nacht in einem <strong>Glamping<\/strong> inmitten der Natur. Urlaub im Schnee, Schlafen im <strong>Iglu<\/strong>, Nacht in einer alten M\u00fchle oder in einem Leuchtturm am Meer. Die M\u00f6glichkeiten sind endlos, und was garantiert ist dass die Erfahrung Sie gl\u00fccklich macht, sowohl beim Erleben als auch sp\u00e4ter, wenn Sie sich daran erinnern und dar\u00fcber erz\u00e4hlen. &#8222;Erfahrung geben bedeutet, die <strong>emotionale Bindung<\/strong> zwischen Spender und Empf\u00e4nger zu verst\u00e4rken&#8220;, sagt die Psychologin Florinda Barbuto.<\/p>\n<h2>Geschenkkarte: die neuen Ecobnb-Geschenkkarten<\/h2>\n<p><img class=\"alignnone wp-image-1796 size-large\" src=\"https:\/\/ecobnb.de\/blog\/app\/uploads\/sites\/4\/2019\/01\/3-870x490.jpg\" alt=\"Geschenkkarte: ein einzigartiges Geschenk und gr\u00fcne Erfahrungen!\" width=\"870\" height=\"490\" srcset=\"https:\/\/ecobnb.de\/blog\/app\/uploads\/sites\/4\/2019\/01\/3-870x490.jpg 870w, https:\/\/ecobnb.de\/blog\/app\/uploads\/sites\/4\/2019\/01\/3-570x320.jpg 570w\" sizes=\"(max-width: 870px) 100vw, 870px\" \/><\/p>\n<p>Eine L\u00f6sung, um Ihre Familie und Freunde gl\u00fccklich zu machen und gleichzeitig Abf\u00e4lle zu reduzieren und das \u00d6kosystem zu sch\u00fctzen, ist die Ecobnb-Geschenkkarte oder die Geschenkkarte f\u00fcr umweltfreundliche Reisen und Lebenserlebnisse im Einklang mit der Natur.<\/p>\n<p>Sie k\u00f6nnen Ihre<strong> Geschenkkarte unter diesem Link kaufen<\/strong>, indem Sie den von Ihnen bevorzugten Schnitt w\u00e4hlen (\u20ac 20, \u20ac 50, \u20ac 100 und mehr) und eine Widmung oder eine pers\u00f6nliche Nachricht hinzuf\u00fcgen (wenn Sie nach Ideen f\u00fcr eine Widmung suchen, finden Sie hier einige der sch\u00f6nsten Reise Zitate).<\/p>\n<h2>Die Vorteile der Gift Card<\/h2>\n<p><img class=\"alignnone wp-image-1797 size-large\" src=\"https:\/\/ecobnb.de\/blog\/app\/uploads\/sites\/4\/2019\/01\/4-870x490.jpg\" alt=\"Geschenkkarte: ein einzigartiges Geschenk und gr\u00fcne Erfahrungen!\" width=\"870\" height=\"490\" srcset=\"https:\/\/ecobnb.de\/blog\/app\/uploads\/sites\/4\/2019\/01\/4-870x490.jpg 870w, https:\/\/ecobnb.de\/blog\/app\/uploads\/sites\/4\/2019\/01\/4-570x320.jpg 570w\" sizes=\"(max-width: 870px) 100vw, 870px\" \/><\/p>\n<p>Wer die digitale Ecobnb-Geschenkkarte erh\u00e4lt, hat 12 Monate Zeit, um sie auf der Plattform zu nutzen. Sie k\u00f6nnen aus Tausenden umweltfreundlicher Unterk\u00fcnfte w\u00e4hlen, die einzigartige und unvergessliche Erlebnisse bieten.<\/p>\n<p>Sie finden <strong>Biobetriebe<\/strong>, Glamping inmitten der Natur,<strong> Hotels in alten D\u00f6rfern<\/strong>, \u00f6kologisches Bed &amp; Breakfast umgeben von W\u00e4ldern, Leuchtt\u00fcrme im Meer, Eis-Iglu, wundersch\u00f6ne<strong> \u00f6kologische Chalets<\/strong> umgeben von unglaublichen Schneelandschaften &#8230; Es gibt so viele M\u00f6glichkeiten (mehr als 3.000 in Italien) und in der Welt) und alle \u00f6kologisch und nachhaltig!<\/p>\n<p><em>3 weitere Vorteile der Geschenkkarte sind:<\/em><\/p>\n<ul>\n<li>\u00a0es kann in allen Unterk\u00fcnften des Ecobnb-Netzwerks genutzt werden;<\/li>\n<li>es kann auch in der Hochsaison oder an Feiertagen nach \u00dcberpr\u00fcfung der Verf\u00fcgbarkeit verwendet werden;<\/li>\n<li>Wenn der Wert der Geschenkkarte h\u00f6her ist als der der Buchung, erhalten Sie einen neuen Gutschein mit dem Restbetrag, der f\u00fcr andere Aufenthalte ausgegeben werden kann.<\/li>\n<\/ul>\n<h2>Digitale Geschenkkarten: die Vorteile f\u00fcr die Umwelt<\/h2>\n<p><img class=\"alignnone wp-image-1798 size-large\" src=\"https:\/\/ecobnb.de\/blog\/app\/uploads\/sites\/4\/2019\/01\/5-870x490.jpg\" alt=\"Geschenkkarte: ein einzigartiges Geschenk und gr\u00fcne Erfahrungen!\" width=\"870\" height=\"490\" srcset=\"https:\/\/ecobnb.de\/blog\/app\/uploads\/sites\/4\/2019\/01\/5-870x490.jpg 870w, https:\/\/ecobnb.de\/blog\/app\/uploads\/sites\/4\/2019\/01\/5-570x320.jpg 570w\" sizes=\"(max-width: 870px) 100vw, 870px\" \/><\/p>\n<p>Unmittelbar vor\u00a0den Feiertagen steigt die Menge an produziertem Abfall enorm an, schon allein\u00a0Papier und Verpackungen verstopfen \u00a0die M\u00fclltonne. Die Sch\u00e4tzungen der Europ\u00e4ischen Kommission zeigen, dass die w\u00e4hrend der Weihnachtszeit anfallenden Abf\u00e4lle um gut 30% zunehmen.<\/p>\n<p>Seit einigen Jahren sind wir an der Entmaterialisierung von Geschenken beteiligt, wir haben mit der Europ\u00e4ischen Woche f\u00fcr Abfallvermeidung zusammengearbeitet und die \u00fcber dreitausend Unterk\u00fcnfte unseres Netzwerks mit einbezogen. Die Wahl eines dematerialisierten Geschenks im Vergleich zu einem traditionellen Geschenk reduziert den Abfall erheblich.<\/p>\n<h2>Ein Projekt, welches die Kreislaufwirtschaft unterst\u00fctzt<\/h2>\n<p><a href=\"https:\/\/ecobnb.de\/blog\/baeume-retten-ecobnb-reisen\/\"><img class=\"alignnone wp-image-585 size-full\" src=\"https:\/\/ecobnb.de\/blog\/app\/uploads\/sites\/4\/2016\/05\/co2-e-alberi-4.png\" alt=\"Die Wahl einer \u00f6kologischen Gastfreundschaft im Vergleich zu einer traditionellen spart etwa 8 kg CO2 pro Nacht, das entspricht der Rettung von 295 B\u00e4umen!\" width=\"1200\" height=\"600\" srcset=\"https:\/\/ecobnb.de\/blog\/app\/uploads\/sites\/4\/2016\/05\/co2-e-alberi-4.png 1200w, https:\/\/ecobnb.de\/blog\/app\/uploads\/sites\/4\/2016\/05\/co2-e-alberi-4-536x268.png 536w, https:\/\/ecobnb.de\/blog\/app\/uploads\/sites\/4\/2016\/05\/co2-e-alberi-4-344x172.png 344w\" sizes=\"(max-width: 1200px) 100vw, 1200px\" \/><\/a><\/p>\n<p>Mit dem <strong>Kauf der Ecobnb Digital Gift Card<\/strong> unterst\u00fctzen Sie die <strong>Kreislaufwirtschaft<\/strong>, indem Sie den Beherbergungsbetrieben zugute kommen, welche in organische und saubere Energie, in die kurze Versorgungskette und in die sanfte Mobilit\u00e4t, in die Abfallverminderung, in umweltfreundliches Bauen, in die biodynamische Landwirtschaft und in diese Landwirtschaft investieren, sowie in Naturseifen und vieles mehr. Die Wahl einer \u00f6kologischen Gastfreundschaft im Vergleich zu einer traditionellen spart etwa 8 kg CO2 pro Nacht, das entspricht der Rettung von \u00a0295 B\u00e4umen!<\/p>\n<h2><a href=\"https:\/\/ecobnb.com\/buy-giftcard\" target=\"_blank\" rel=\"noopener\">Stellen Sie sofort Ihre Karte zusammen!<\/a><\/h2>\n","protected":false},"excerpt":{"rendered":"<p>Bek\u00e4mpfen Sie Angst, Verschwendung und Verschmutzung von Geschenken in einem Zug: Mit den digitalen Geschenkkarten von Ecobnb k\u00f6nnen Sie einzigartige und nachhaltige Erfahrungen machen! Das richtige Geschenk f\u00fcr jeden Menschen zu finden, scheint eine unm\u00f6gliche Mission zu sein? Suchen Sie noch nach dem perfekten Geschenk, das nicht in der Schachtel ungenutzter Gegenst\u00e4nde landet und die [&hellip;]<\/p>\n","protected":false},"author":54,"featured_media":1794,"parent":0,"menu_order":0,"comment_status":"closed","ping_status":"open","template":"","meta":[],"acf":[],"yoast_head":"<!-- This site is optimized with the Yoast SEO plugin v19.9 - https:\/\/yoast.com\/wordpress\/plugins\/seo\/ -->\n<title>Geschenkkarte: ein einzigartiges Geschenk und gr\u00fcne Erfahrungen!<\/title>\n<meta name=\"description\" content=\"Geschenkkarten vermindern den Abfall und die Umweltverschmutzung! Erleben Sie einen nachhaltigen Urlaub in der Natur und erleben Sie gr\u00fcne Erfahrungen!\" \/>\n<meta name=\"robots\" content=\"index, follow, max-snippet:-1, max-image-preview:large, max-video-preview:-1\" \/>\n<link rel=\"canonical\" href=\"https:\/\/ecobnb.de\/blog\/geschenkkarte-einzigartiges-geschenk-gruene-erfahrungen\/\" \/>\n<meta property=\"og:locale\" content=\"de_DE\" \/>\n<meta property=\"og:type\" content=\"article\" \/>\n<meta property=\"og:title\" content=\"Geschenkkarte: ein einzigartiges Geschenk und gr\u00fcne Erfahrungen!\" \/>\n<meta property=\"og:description\" content=\"Geschenkkarten vermindern den Abfall und die Umweltverschmutzung! Erleben Sie einen nachhaltigen Urlaub in der Natur und erleben Sie gr\u00fcne Erfahrungen!\" \/>\n<meta property=\"og:url\" content=\"https:\/\/ecobnb.de\/blog\/geschenkkarte-einzigartiges-geschenk-gruene-erfahrungen\/\" \/>\n<meta property=\"og:site_name\" content=\"Ecobnb\" \/>\n<meta property=\"article:modified_time\" content=\"2020-04-16T17:55:16+00:00\" \/>\n<meta property=\"og:image\" content=\"https:\/\/ecobnb.de\/blog\/app\/uploads\/sites\/4\/2019\/01\/1-tede.jpg\" \/>\n\t<meta property=\"og:image:width\" content=\"1170\" \/>\n\t<meta property=\"og:image:height\" content=\"490\" \/>\n\t<meta property=\"og:image:type\" content=\"image\/jpeg\" \/>\n<meta name=\"twitter:card\" content=\"summary_large_image\" \/>\n<meta name=\"twitter:label1\" content=\"Est. reading time\" \/>\n\t<meta name=\"twitter:data1\" content=\"3 minutes\" \/>\n<!-- \/ Yoast SEO plugin. -->","yoast_head_json":{"title":"Geschenkkarte: ein einzigartiges Geschenk und gr\u00fcne Erfahrungen!","description":"Geschenkkarten vermindern den Abfall und die Umweltverschmutzung! Erleben Sie einen nachhaltigen Urlaub in der Natur und erleben Sie gr\u00fcne Erfahrungen!","robots":{"index":"index","follow":"follow","max-snippet":"max-snippet:-1","max-image-preview":"max-image-preview:large","max-video-preview":"max-video-preview:-1"},"canonical":"https:\/\/ecobnb.de\/blog\/geschenkkarte-einzigartiges-geschenk-gruene-erfahrungen\/","og_locale":"de_DE","og_type":"article","og_title":"Geschenkkarte: ein einzigartiges Geschenk und gr\u00fcne Erfahrungen!","og_description":"Geschenkkarten vermindern den Abfall und die Umweltverschmutzung! Erleben Sie einen nachhaltigen Urlaub in der Natur und erleben Sie gr\u00fcne Erfahrungen!","og_url":"https:\/\/ecobnb.de\/blog\/geschenkkarte-einzigartiges-geschenk-gruene-erfahrungen\/","og_site_name":"Ecobnb","article_modified_time":"2020-04-16T17:55:16+00:00","og_image":[{"width":1170,"height":490,"url":"https:\/\/ecobnb.de\/blog\/app\/uploads\/sites\/4\/2019\/01\/1-tede.jpg","type":"image\/jpeg"}],"twitter_card":"summary_large_image","twitter_misc":{"Est. reading time":"3 minutes"},"schema":{"@context":"https:\/\/schema.org","@graph":[{"@type":"WebPage","@id":"https:\/\/ecobnb.de\/blog\/geschenkkarte-einzigartiges-geschenk-gruene-erfahrungen\/","url":"https:\/\/ecobnb.de\/blog\/geschenkkarte-einzigartiges-geschenk-gruene-erfahrungen\/","name":"Geschenkkarte: ein einzigartiges Geschenk und gr\u00fcne Erfahrungen!","isPartOf":{"@id":"https:\/\/ecobnb.de\/blog\/#website"},"datePublished":"2019-04-06T15:40:58+00:00","dateModified":"2020-04-16T17:55:16+00:00","description":"Geschenkkarten vermindern den Abfall und die Umweltverschmutzung! Erleben Sie einen nachhaltigen Urlaub in der Natur und erleben Sie gr\u00fcne Erfahrungen!","breadcrumb":{"@id":"https:\/\/ecobnb.de\/blog\/geschenkkarte-einzigartiges-geschenk-gruene-erfahrungen\/#breadcrumb"},"inLanguage":"de-DE","potentialAction":[{"@type":"ReadAction","target":["https:\/\/ecobnb.de\/blog\/geschenkkarte-einzigartiges-geschenk-gruene-erfahrungen\/"]}]},{"@type":"BreadcrumbList","@id":"https:\/\/ecobnb.de\/blog\/geschenkkarte-einzigartiges-geschenk-gruene-erfahrungen\/#breadcrumb","itemListElement":[{"@type":"ListItem","position":1,"name":"Home","item":"https:\/\/ecobnb.de\/blog\/"},{"@type":"ListItem","position":2,"name":"Geschenkkarte: ein einzigartiges Geschenk und gr\u00fcne Erfahrungen!"}]},{"@type":"WebSite","@id":"https:\/\/ecobnb.de\/blog\/#website","url":"https:\/\/ecobnb.de\/blog\/","name":"Ecobnb","description":"Find sustainable accommodation","potentialAction":[{"@type":"SearchAction","target":{"@type":"EntryPoint","urlTemplate":"https:\/\/ecobnb.de\/blog\/?s={search_term_string}"},"query-input":"required name=search_term_string"}],"inLanguage":"de-DE"}]}},"_links":{"self":[{"href":"https:\/\/ecobnb.de\/blog\/wp-json\/wp\/v2\/pages\/1833"}],"collection":[{"href":"https:\/\/ecobnb.de\/blog\/wp-json\/wp\/v2\/pages"}],"about":[{"href":"https:\/\/ecobnb.de\/blog\/wp-json\/wp\/v2\/types\/page"}],"author":[{"embeddable":true,"href":"https:\/\/ecobnb.de\/blog\/wp-json\/wp\/v2\/users\/54"}],"replies":[{"embeddable":true,"href":"https:\/\/ecobnb.de\/blog\/wp-json\/wp\/v2\/comments?post=1833"}],"version-history":[{"count":5,"href":"https:\/\/ecobnb.de\/blog\/wp-json\/wp\/v2\/pages\/1833\/revisions"}],"predecessor-version":[{"id":2255,"href":"https:\/\/ecobnb.de\/blog\/wp-json\/wp\/v2\/pages\/1833\/revisions\/2255"}],"wp:featuredmedia":[{"embeddable":true,"href":"https:\/\/ecobnb.de\/blog\/wp-json\/wp\/v2\/media\/1794"}],"wp:attachment":[{"href":"https:\/\/ecobnb.de\/blog\/wp-json\/wp\/v2\/media?parent=1833"}],"curies":[{"name":"wp","href":"https:\/\/api.w.org\/{rel}","templated":true}]}}