{"id":2248,"date":"2020-04-16T15:25:03","date_gmt":"2020-04-16T13:25:03","guid":{"rendered":"https:\/\/ecobnb.de\/blog\/?page_id=2248"},"modified":"2025-11-01T09:43:30","modified_gmt":"2025-11-01T08:43:30","slug":"aktualisierung-preise-verfuegbarkeit","status":"publish","type":"page","link":"https:\/\/ecobnb.de\/blog\/aktualisierung-preise-verfuegbarkeit\/","title":{"rendered":"Aktualisierung der Preise und der Verf\u00fcgbarkeit Ihrer Unterk\u00fcnfte auf Ecobnb"},"content":{"rendered":"<p data-start=\"283\" data-end=\"567\">Ecobnb erm\u00f6glicht es Ihnen, das Schnellbuchungssystem (Instabooking) zu aktivieren und die Preise sowie die Verf\u00fcgbarkeit Ihrer Mietobjekte einfach zu aktualisieren. Sie k\u00f6nnen dies manuell tun oder automatisch, indem Sie Ihren Kalender mit einem Channel Manager oder anderen Buchungskan\u00e4len wie Booking.com, Airbnb oder Google Kalender verbinden.<\/p>\n<p data-start=\"907\" data-end=\"1033\"><strong>In dieser Anleitung erfahren Sie, wie Sie:<\/strong><\/p>\n<ul data-start=\"1036\" data-end=\"1297\">\n<li data-start=\"1036\" data-end=\"1165\">\n<p data-start=\"1038\" data-end=\"1165\"><strong data-start=\"1038\" data-end=\"1163\">Ihre Raumkalender automatisch \u00fcber iCal verbinden<\/strong>, sodass die Verf\u00fcgbarkeit mit anderen Kan\u00e4len synchronisiert wird.<\/p>\n<\/li>\n<li data-start=\"1168\" data-end=\"1297\">\n<p data-start=\"1170\" data-end=\"1297\"><strong data-start=\"1170\" data-end=\"1295\">Instabooking aktivieren<\/strong>, das Schnellbuchungssystem, das nur verf\u00fcgbar ist, wenn alle Kalender synchronisiert sind.<\/p>\n<\/li>\n<\/ul>\n<h2>Unterschied zwischen klassischer Buchung und Instabooking<\/h2>\n<ul>\n<li data-start=\"920\" data-end=\"1176\">\n<p data-start=\"922\" data-end=\"1019\"><strong data-start=\"922\" data-end=\"947\">Klassische Buchung<\/strong>: erfolgt in 3 Schritten und erfordert immer die Best\u00e4tigung durch die Unterkunft:<\/p>\n<ol data-start=\"1586\" data-end=\"1756\">\n<li data-start=\"1586\" data-end=\"1645\"><strong>Der Reisende sendet eine Verf\u00fcgbarkeitsanfrage<\/strong><\/li>\n<\/ol>\n<ol data-start=\"1022\" data-end=\"1176\">\n<li data-start=\"1080\" data-end=\"1129\">\n<p data-start=\"1083\" data-end=\"1129\"><strong>Die Unterkunft best\u00e4tigt Verf\u00fcgbarkeit und Preis<\/strong><\/p>\n<\/li>\n<li data-start=\"1132\" data-end=\"1176\">\n<p data-start=\"1135\" data-end=\"1176\"><strong>Der Reisende best\u00e4tigt die Buchung<\/strong><\/p>\n<\/li>\n<\/ol>\n<\/li>\n<li data-start=\"1178\" data-end=\"1305\">\n<p data-start=\"1180\" data-end=\"1305\"><strong data-start=\"1180\" data-end=\"1196\">Instabooking<\/strong>: Der Reisende pr\u00fcft die Verf\u00fcgbarkeit im Kalender und bucht sofort, ohne weitere Schritte.<\/p>\n<\/li>\n<\/ul>\n<div id=\"attachment_6241\" class=\"thumbnail alignnone\"><img class=\"size-full wp-image-6241\" src=\"https:\/\/ecobnb.de\/blog\/app\/uploads\/sites\/4\/2025\/11\/Instabooking-1.png\" alt=\"Klassische Buchung in 3 Schritten (links) und Instabooking (rechts)\" width=\"870\" height=\"490\" srcset=\"https:\/\/ecobnb.de\/blog\/app\/uploads\/sites\/4\/2025\/11\/Instabooking-1.png 870w, https:\/\/ecobnb.de\/blog\/app\/uploads\/sites\/4\/2025\/11\/Instabooking-1-536x302.png 536w, https:\/\/ecobnb.de\/blog\/app\/uploads\/sites\/4\/2025\/11\/Instabooking-1-768x433.png 768w, https:\/\/ecobnb.de\/blog\/app\/uploads\/sites\/4\/2025\/11\/Instabooking-1-570x320.png 570w, https:\/\/ecobnb.de\/blog\/app\/uploads\/sites\/4\/2025\/11\/Instabooking-1-344x194.png 344w\" sizes=\"(max-width: 870px) 100vw, 870px\" \/><div class=\"caption\">Klassische Buchung in 3 Schritten (links) und Instabooking (rechts)<\/div><\/div>\n<h2>So aktualisieren Sie Preise und Verf\u00fcgbarkeit Ihrer R\u00e4ume und aktivieren Instabooking auf Ecobnb:<\/h2>\n<p>Um Instabooking zu aktivieren, m\u00fcssen Sie zuerst:<\/p>\n<ul data-start=\"2541\" data-end=\"2787\">\n<li data-start=\"2541\" data-end=\"2626\">\n<p data-start=\"2543\" data-end=\"2626\"><strong data-start=\"2543\" data-end=\"2624\">alle Verf\u00fcgbarkeitskalender Ihrer R\u00e4ume \u00fcber iCal synchronisieren;<\/strong><\/p>\n<\/li>\n<li data-start=\"2629\" data-end=\"2708\">\n<p data-start=\"2631\" data-end=\"2708\"><strong data-start=\"2631\" data-end=\"2706\">die Preise Ihrer R\u00e4ume f\u00fcr einzelne Tage oder Zeitr\u00e4ume im Jahr aktualisieren;<\/strong><\/p>\n<\/li>\n<li data-start=\"2711\" data-end=\"2787\">\n<p data-start=\"2713\" data-end=\"2787\"><strong data-start=\"2713\" data-end=\"2787\">die Stornierungsbedingungen Ihrer Unterkunft auf Ecobnb festlegen.<\/strong><\/p>\n<\/li>\n<\/ul>\n<p>Befolgen Sie diese Schritte Schritt f\u00fcr Schritt:<\/p>\n<h3>1. Melden Sie sich bei <a href=\"https:\/\/ecobnb.de\/login\" target=\"_blank\" rel=\"noopener\">Ecobnb<\/a> an<\/h3>\n<p><a href=\"https:\/\/ecobnb.it\/login\"><img class=\"alignnone size-large wp-image-49413\" src=\"https:\/\/ecobnb.it\/blog\/app\/uploads\/sites\/2\/2020\/03\/01-login-870x490.png\" alt=\"Login\" width=\"870\" height=\"490\" \/><\/a><\/p>\n<p>Melden Sie sich bei Ecobnb <a href=\"https:\/\/ecobnb.de\/login\" target=\"_blank\" rel=\"noopener\"><strong>\u00fcber diesen Link<\/strong><\/a> mit Ihren Zugangsdaten (E-Mail und Passwort) an. Falls Sie Ihr Passwort vergessen haben, k\u00f6nnen Sie es \u00fcber \u201e<a href=\"https:\/\/ecobnb.de\/reset-password\" target=\"_blank\" rel=\"noopener\">Passwort vergessen?<\/a>\u201c zur\u00fccksetzen.<\/p>\n<h3>2. Gehen Sie auf Ihre Seite im Bearbeitungsmodus<\/h3>\n<p><img class=\"alignnone wp-image-86722 size-full\" src=\"https:\/\/ecobnb.it\/blog\/app\/uploads\/sites\/2\/2025\/09\/menu-modifica.png\" alt=\"Bearbeitungsmen\u00fc\" width=\"303\" height=\"307\" \/><\/p>\n<p>W\u00e4hlen Sie den <strong data-start=\"141\" data-end=\"179\" data-is-only-node=\"\">Namen Ihrer Unterkunft<\/strong> im Hauptmen\u00fc oben rechts, indem Sie auf Ihr <strong data-start=\"236\" data-end=\"254\">Benutzerprofil<\/strong> klicken, und w\u00e4hlen Sie dann <strong data-start=\"270\" data-end=\"284\">\u201eBearbeiten\u201c<\/strong>. So gelangen Sie in den Bearbeitungsmodus, um alle Informationen Ihrer Unterkunft zu aktualisieren.<\/p>\n<h3>3. Pr\u00fcfen Sie, ob die Kurtaxe eingetragen ist<\/h3>\n<p><img class=\"alignnone size-large wp-image-86696\" src=\"https:\/\/ecobnb.it\/blog\/app\/uploads\/sites\/2\/2025\/09\/tassa-soggiorno-870x490.png\" alt=\"Wo die Kurtaxe auf Ecobnb eingetragen wird\" width=\"870\" height=\"490\" \/><\/p>\n<p>Gehen Sie zum Abschnitt <strong data-start=\"685\" data-end=\"704\">\u201eAllgemeine Infos\u201c<\/strong> und tragen Sie die vom Gemeinderat festgelegte <strong>Kurtaxe<\/strong> ein. Wenn keine Kurtaxe anf\u00e4llt, tragen Sie \u201e0 \u20ac\u201c in das entsprechende Feld ein. Klicken Sie auf den gr\u00fcnen &#8222;<strong>Speichern<\/strong>&#8222;-Button.<\/p>\n<h3>4. Aktualisieren Sie die Preise Ihrer R\u00e4ume<\/h3>\n<p><img class=\"alignnone wp-image-86699 size-full\" src=\"https:\/\/ecobnb.it\/blog\/app\/uploads\/sites\/2\/2025\/09\/calendario-prezzi.png\" alt=\"Preiskalender der R\u00e4ume auf Ecobnb\" width=\"1825\" height=\"721\" \/><\/p>\n<p>Gehen Sie zu &#8222;<strong>Kalender und Preise<\/strong>&#8222;. W\u00e4hlen Sie jeden Raum aus, um die Preise zu aktualisieren. Speichern Sie die \u00c4nderungen, indem Sie am Ende der Seite auf den gr\u00fcnen &#8222;<strong>Speichern<\/strong>&#8222;-Button klicken.<\/p>\n<p>Wenn die Preise je nach Saison variieren, k\u00f6nnen Sie <strong><a href=\"https:\/\/ecobnb.de\/blog\/saisonpreise\/\" target=\"_blank\" rel=\"noopener\">Saisonpreise festlegen, wie hier erkl\u00e4rt<\/a><\/strong>.<\/p>\n<h3>5. Synchronisieren Sie Ihre Raumkalender \u00fcber iCal<\/h3>\n<p><img class=\"alignnone wp-image-86702 size-full\" src=\"https:\/\/ecobnb.it\/blog\/app\/uploads\/sites\/2\/2025\/09\/sincronizza-ical.png\" alt=\"\" width=\"1822\" height=\"1118\" \/><\/p>\n<p>Im Abschnitt <strong data-start=\"2791\" data-end=\"2816\">\u201eKalender und Preise\u201c<\/strong> w\u00e4hlen Sie jeden Mietraum aus, um ihn mit dem <strong data-start=\"2878\" data-end=\"2897\">iCal-Kalender<\/strong> zu synchronisieren:<\/p>\n<ol>\n<li>Klicken Sie auf &#8222;<strong>Kalender importieren<\/strong>&#8222;<\/li>\n<li data-start=\"2940\" data-end=\"2999\">\n<p data-start=\"2943\" data-end=\"2999\">Geben Sie den Kalendernamen ein (z. B. \u201eBlaues Zimmer\u201c)<\/p>\n<\/li>\n<li data-start=\"3000\" data-end=\"3094\">\n<p data-start=\"3003\" data-end=\"3094\"><strong>Geben Sie den Link Ihres iCals<\/strong> aus Ihrem Channel Manager oder zentralen Kalender ein<\/p>\n<\/li>\n<li data-start=\"3095\" data-end=\"3134\">\n<p data-start=\"3098\" data-end=\"3134\">Klicken Sie auf den Button <strong data-start=\"3108\" data-end=\"3132\">\u201eKalender importieren\u201c<\/strong><\/p>\n<\/li>\n<li data-start=\"3135\" data-end=\"3290\">\n<p data-start=\"3138\" data-end=\"3290\">Klicken Sie auf &#8222;<strong data-start=\"3148\" data-end=\"3172\">Kalender exportieren<\/strong>&#8222;: Der Link zu Ihrem Ecobnb-iCal wird angezeigt, den Sie kopieren und in Ihren Channel Manager oder zentralen Kalender importieren k\u00f6nnen<\/p>\n<\/li>\n<li data-start=\"3291\" data-end=\"3346\">\n<p data-start=\"3294\" data-end=\"3346\">Klicken Sie am Ende der Seite auf den Button <strong data-start=\"3314\" data-end=\"3325\">\u201eSpeichern\u201c<\/strong><\/p>\n<\/li>\n<\/ol>\n<div class=\"embed-container\"><iframe loading=\"lazy\" title=\"Nuovo Sistema di Prenotazione - Inserimento Dati\" width=\"1170\" height=\"658\" src=\"https:\/\/www.youtube.com\/embed\/3eRY_Vp8Ai0?start=490&#038;feature=oembed&#038;enablejsapi=1&#038;origin=https:\/\/ecobnb.de\" frameborder=\"0\" allow=\"accelerometer; autoplay; clipboard-write; encrypted-media; gyroscope; picture-in-picture; web-share\" referrerpolicy=\"strict-origin-when-cross-origin\" allowfullscreen><\/iframe><\/div>\n<h3>6. Aktualisieren Sie Zahlungs- und Stornierungsbedingungen Ihrer Unterkunft<\/h3>\n<p>Gehen Sie zum Abschnitt <strong data-start=\"3427\" data-end=\"3442\">\u201eImmobilie\u201c<\/strong>, um die Zahlungs- und Stornierungsbedingungen zu aktualisieren:<img class=\"alignnone wp-image-86708 size-full\" src=\"https:\/\/ecobnb.it\/blog\/app\/uploads\/sites\/2\/2025\/09\/termini-pagamento-e-cancellazione.png\" alt=\"Zahlungs- und Stornierungsbedingungen auf Ecobnb\" width=\"1832\" height=\"753\" \/><\/p>\n<ul>\n<li data-start=\"96\" data-end=\"169\">\n<p data-start=\"98\" data-end=\"169\">Geben Sie an, ob eine <strong data-start=\"124\" data-end=\"135\">Anzahlung<\/strong> erforderlich ist, um die Buchung zu best\u00e4tigen.<\/p>\n<\/li>\n<li data-start=\"170\" data-end=\"271\">\n<p data-start=\"172\" data-end=\"271\">W\u00e4hlen Sie die <strong data-start=\"185\" data-end=\"205\">Anzahl der Tage<\/strong>, innerhalb derer eine <strong data-start=\"242\" data-end=\"268\">kostenlose Stornierung<\/strong> m\u00f6glich ist.<\/p>\n<\/li>\n<li data-start=\"272\" data-end=\"713\">\n<p data-start=\"274\" data-end=\"372\">Geben Sie alle zus\u00e4tzlichen Informationen zu <strong data-start=\"328\" data-end=\"357\">Zahlungen und Stornierungen<\/strong> ein, z. B.:<\/p>\n<ul data-start=\"375\" data-end=\"713\">\n<li data-start=\"375\" data-end=\"460\">\n<p data-start=\"377\" data-end=\"460\">geben Sie die <strong data-start=\"389\" data-end=\"414\">erforderliche Anzahlung<\/strong> an (als Prozentsatz oder Festbetrag);<\/p>\n<\/li>\n<li data-start=\"463\" data-end=\"555\">\n<p data-start=\"465\" data-end=\"555\">geben Sie die <strong data-start=\"475\" data-end=\"514\">Zahlungsmethode der Anzahlung<\/strong> an, z. B. \u00dcberweisung mit IBAN;<\/p>\n<\/li>\n<li data-start=\"558\" data-end=\"638\">\n<p data-start=\"560\" data-end=\"638\">beschreiben Sie die <strong data-start=\"572\" data-end=\"611\">Zahlungsmethoden f\u00fcr den Aufenthalt<\/strong> bei Ankunft;<\/p>\n<\/li>\n<li data-start=\"641\" data-end=\"713\">\n<p data-start=\"643\" data-end=\"713\">geben Sie die <strong data-start=\"654\" data-end=\"681\">Stornierungsmodalit\u00e4ten<\/strong> Ihrer Unterkunft an.<\/p>\n<\/li>\n<\/ul>\n<\/li>\n<\/ul>\n<h3>7. Instabooking aktivieren<\/h3>\n<p><img class=\"alignnone wp-image-86712 size-full\" src=\"https:\/\/ecobnb.it\/blog\/app\/uploads\/sites\/2\/2025\/09\/instabooking-1.png\" alt=\"Instabooking\" width=\"1825\" height=\"877\" \/><\/p>\n<p>Um die <strong data-start=\"4068\" data-end=\"4083\">sofortige Buchung<\/strong> zu aktivieren, best\u00e4tigen Sie die eingegebenen Informationen zu:<\/p>\n<ul data-start=\"4132\" data-end=\"4200\">\n<li data-start=\"4132\" data-end=\"4176\">\n<p data-start=\"4134\" data-end=\"4176\">Zahlungs- und <strong data-start=\"4157\" data-end=\"4174\">Stornierungsbedingungen<\/strong><\/p>\n<\/li>\n<li data-start=\"4177\" data-end=\"4200\">\n<p data-start=\"4179\" data-end=\"4200\">Preise Ihrer R\u00e4ume<\/p>\n<\/li>\n<\/ul>\n<p data-start=\"4202\" data-end=\"4258\">Klicken Sie anschlie\u00dfend auf den gr\u00fcnen <strong data-start=\"4232\" data-end=\"4257\">\u201eInstabooking aktivieren\u201c<\/strong>-Button.<\/p>\n<h2>Warum es wichtig ist, Schnellbuchungen zu aktivieren<\/h2>\n<p data-start=\"4321\" data-end=\"4382\">Durch die Aktualisierung von Kalender, Preisen und Verf\u00fcgbarkeit Ihrer R\u00e4ume:<\/p>\n<ul data-start=\"4384\" data-end=\"4652\">\n<li data-start=\"4384\" data-end=\"4484\">\n<p data-start=\"4386\" data-end=\"4484\"><strong data-start=\"4386\" data-end=\"4482\">sehen Reisende sofort die aktuellen Preise und k\u00f6nnen leichter buchen<\/strong><\/p>\n<\/li>\n<li data-start=\"4485\" data-end=\"4568\">\n<p data-start=\"4487\" data-end=\"4568\"><strong data-start=\"4487\" data-end=\"4566\">erhalten Sie automatisch Buchungen f\u00fcr verf\u00fcgbare Termine von Ecobnb<\/strong><\/p>\n<\/li>\n<li data-start=\"4569\" data-end=\"4652\">\n<p data-start=\"4571\" data-end=\"4652\"><strong data-start=\"4571\" data-end=\"4650\">vereinbaren Sie direkt mit den Reisenden die Zahlung des Aufenthalts<\/strong><\/p>\n<\/li>\n<\/ul>\n<p data-start=\"4654\" data-end=\"4814\">Buchungen k\u00f6nnen direkt und sofort erfolgen: Der Reisende pr\u00fcft die Verf\u00fcgbarkeit des Raumes, die mit anderen Buchungskan\u00e4len synchronisiert ist.<\/p>\n<h3 data-start=\"4821\" data-end=\"4841\">Was passiert, wenn\u2026<\/h3>\n<p data-start=\"4843\" data-end=\"4972\"><strong data-start=\"4843\" data-end=\"4874\">Ich meine Preise nicht aktualisiere:<\/strong> Sie erhalten Buchungsanfragen mit falschen Preisen, die m\u00f6glicherweise nicht zustande kommen.<\/p>\n<p data-start=\"4974\" data-end=\"5069\"><strong data-start=\"4974\" data-end=\"5008\">Ich synchronisiere den Kalender nicht:<\/strong> Sie k\u00f6nnten Anfragen f\u00fcr bereits nicht verf\u00fcgbare Termine erhalten.<\/p>\n<p data-start=\"4974\" data-end=\"5069\"><strong>Ich aktiviere Instabooking nicht:<\/strong> Der Reisende kann nicht direkt buchen und muss eine Verf\u00fcgbarkeitsanfrage senden. Die Unterkunft muss Verf\u00fcgbarkeit und Preis manuell best\u00e4tigen, und der Buchungsprozess erfolgt in <strong data-start=\"580\" data-end=\"596\">drei Schritten<\/strong>: Anfrage \u2192 Best\u00e4tigung durch die Unterkunft \u2192 Best\u00e4tigung durch den Reisenden. Dies kann Buchungen verz\u00f6gern und die Chance auf Buchungen \u00fcber Ecobnb verringern.<\/p>\n<hr data-start=\"5071\" data-end=\"5074\" \/>\n<h3 data-start=\"5076\" data-end=\"5100\">Haben Sie Fragen oder Zweifel?<\/h3>\n<p data-start=\"5102\" data-end=\"5159\">Schreiben Sie uns an <strong data-start=\"5113\" data-end=\"5132\"><a class=\"decorated-link cursor-pointer\" rel=\"noopener\" data-start=\"5115\" data-end=\"5130\">info@ecobnb.com<\/a><\/strong>. Wir helfen Ihnen gerne!<\/p>\n","protected":false},"excerpt":{"rendered":"<p>Ecobnb erm\u00f6glicht es Ihnen, das Schnellbuchungssystem (Instabooking) zu aktivieren und die Preise sowie die Verf\u00fcgbarkeit Ihrer Mietobjekte einfach zu aktualisieren. Sie k\u00f6nnen dies manuell tun oder automatisch, indem Sie Ihren Kalender mit einem Channel Manager oder anderen Buchungskan\u00e4len wie Booking.com, Airbnb oder Google Kalender verbinden. In dieser Anleitung erfahren Sie, wie Sie: Ihre Raumkalender automatisch [&hellip;]<\/p>\n","protected":false},"author":54,"featured_media":6239,"parent":0,"menu_order":0,"comment_status":"closed","ping_status":"open","template":"","meta":[],"acf":[],"yoast_head":"<!-- This site is optimized with the Yoast SEO plugin v19.9 - https:\/\/yoast.com\/wordpress\/plugins\/seo\/ -->\n<title>Aktualisierung der Preise und der Verf\u00fcgbarkeit Ihrer Unterk\u00fcnfte<\/title>\n<meta name=\"description\" content=\"Es ist sehr wichtig, die Preise und die Verf\u00fcgbarkeit der Unterk\u00fcnfte zu aktualisieren. So aktualisieren Sie Ihren Kalender und Ihre Preise\" \/>\n<meta name=\"robots\" content=\"index, follow, max-snippet:-1, max-image-preview:large, max-video-preview:-1\" \/>\n<link rel=\"canonical\" href=\"https:\/\/ecobnb.de\/blog\/aktualisierung-preise-verfuegbarkeit\/\" \/>\n<meta property=\"og:locale\" content=\"de_DE\" \/>\n<meta property=\"og:type\" content=\"article\" \/>\n<meta property=\"og:title\" content=\"Aktualisierung der Preise und der Verf\u00fcgbarkeit Ihrer Unterk\u00fcnfte\" \/>\n<meta property=\"og:description\" content=\"Es ist sehr wichtig, die Preise und die Verf\u00fcgbarkeit der Unterk\u00fcnfte zu aktualisieren. So aktualisieren Sie Ihren Kalender und Ihre Preise\" \/>\n<meta property=\"og:url\" content=\"https:\/\/ecobnb.de\/blog\/aktualisierung-preise-verfuegbarkeit\/\" \/>\n<meta property=\"og:site_name\" content=\"Ecobnb\" \/>\n<meta property=\"article:modified_time\" content=\"2025-11-01T08:43:30+00:00\" \/>\n<meta property=\"og:image\" content=\"https:\/\/ecobnb.de\/blog\/app\/uploads\/sites\/4\/2025\/11\/instabooking.png\" \/>\n\t<meta property=\"og:image:width\" content=\"1170\" \/>\n\t<meta property=\"og:image:height\" content=\"490\" \/>\n\t<meta property=\"og:image:type\" content=\"image\/png\" \/>\n<meta name=\"twitter:card\" content=\"summary_large_image\" \/>\n<meta name=\"twitter:label1\" content=\"Est. reading time\" \/>\n\t<meta name=\"twitter:data1\" content=\"6 minutes\" \/>\n<!-- \/ Yoast SEO plugin. -->","yoast_head_json":{"title":"Aktualisierung der Preise und der Verf\u00fcgbarkeit Ihrer Unterk\u00fcnfte","description":"Es ist sehr wichtig, die Preise und die Verf\u00fcgbarkeit der Unterk\u00fcnfte zu aktualisieren. So aktualisieren Sie Ihren Kalender und Ihre Preise","robots":{"index":"index","follow":"follow","max-snippet":"max-snippet:-1","max-image-preview":"max-image-preview:large","max-video-preview":"max-video-preview:-1"},"canonical":"https:\/\/ecobnb.de\/blog\/aktualisierung-preise-verfuegbarkeit\/","og_locale":"de_DE","og_type":"article","og_title":"Aktualisierung der Preise und der Verf\u00fcgbarkeit Ihrer Unterk\u00fcnfte","og_description":"Es ist sehr wichtig, die Preise und die Verf\u00fcgbarkeit der Unterk\u00fcnfte zu aktualisieren. So aktualisieren Sie Ihren Kalender und Ihre Preise","og_url":"https:\/\/ecobnb.de\/blog\/aktualisierung-preise-verfuegbarkeit\/","og_site_name":"Ecobnb","article_modified_time":"2025-11-01T08:43:30+00:00","og_image":[{"width":1170,"height":490,"url":"https:\/\/ecobnb.de\/blog\/app\/uploads\/sites\/4\/2025\/11\/instabooking.png","type":"image\/png"}],"twitter_card":"summary_large_image","twitter_misc":{"Est. reading time":"6 minutes"},"schema":{"@context":"https:\/\/schema.org","@graph":[{"@type":"WebPage","@id":"https:\/\/ecobnb.de\/blog\/aktualisierung-preise-verfuegbarkeit\/","url":"https:\/\/ecobnb.de\/blog\/aktualisierung-preise-verfuegbarkeit\/","name":"Aktualisierung der Preise und der Verf\u00fcgbarkeit Ihrer Unterk\u00fcnfte","isPartOf":{"@id":"https:\/\/ecobnb.de\/blog\/#website"},"datePublished":"2020-04-16T13:25:03+00:00","dateModified":"2025-11-01T08:43:30+00:00","description":"Es ist sehr wichtig, die Preise und die Verf\u00fcgbarkeit der Unterk\u00fcnfte zu aktualisieren. So aktualisieren Sie Ihren Kalender und Ihre Preise","breadcrumb":{"@id":"https:\/\/ecobnb.de\/blog\/aktualisierung-preise-verfuegbarkeit\/#breadcrumb"},"inLanguage":"de-DE","potentialAction":[{"@type":"ReadAction","target":["https:\/\/ecobnb.de\/blog\/aktualisierung-preise-verfuegbarkeit\/"]}]},{"@type":"BreadcrumbList","@id":"https:\/\/ecobnb.de\/blog\/aktualisierung-preise-verfuegbarkeit\/#breadcrumb","itemListElement":[{"@type":"ListItem","position":1,"name":"Home","item":"https:\/\/ecobnb.de\/blog\/"},{"@type":"ListItem","position":2,"name":"Aktualisierung der Preise und der Verf\u00fcgbarkeit Ihrer Unterk\u00fcnfte auf Ecobnb"}]},{"@type":"WebSite","@id":"https:\/\/ecobnb.de\/blog\/#website","url":"https:\/\/ecobnb.de\/blog\/","name":"Ecobnb","description":"Find sustainable accommodation","potentialAction":[{"@type":"SearchAction","target":{"@type":"EntryPoint","urlTemplate":"https:\/\/ecobnb.de\/blog\/?s={search_term_string}"},"query-input":"required name=search_term_string"}],"inLanguage":"de-DE"}]}},"_links":{"self":[{"href":"https:\/\/ecobnb.de\/blog\/wp-json\/wp\/v2\/pages\/2248"}],"collection":[{"href":"https:\/\/ecobnb.de\/blog\/wp-json\/wp\/v2\/pages"}],"about":[{"href":"https:\/\/ecobnb.de\/blog\/wp-json\/wp\/v2\/types\/page"}],"author":[{"embeddable":true,"href":"https:\/\/ecobnb.de\/blog\/wp-json\/wp\/v2\/users\/54"}],"replies":[{"embeddable":true,"href":"https:\/\/ecobnb.de\/blog\/wp-json\/wp\/v2\/comments?post=2248"}],"version-history":[{"count":7,"href":"https:\/\/ecobnb.de\/blog\/wp-json\/wp\/v2\/pages\/2248\/revisions"}],"predecessor-version":[{"id":6242,"href":"https:\/\/ecobnb.de\/blog\/wp-json\/wp\/v2\/pages\/2248\/revisions\/6242"}],"wp:featuredmedia":[{"embeddable":true,"href":"https:\/\/ecobnb.de\/blog\/wp-json\/wp\/v2\/media\/6239"}],"wp:attachment":[{"href":"https:\/\/ecobnb.de\/blog\/wp-json\/wp\/v2\/media?parent=2248"}],"curies":[{"name":"wp","href":"https:\/\/api.w.org\/{rel}","templated":true}]}}