{"id":2678,"date":"2020-12-04T10:45:42","date_gmt":"2020-12-04T09:45:42","guid":{"rendered":"https:\/\/ecobnb.de\/blog\/?page_id=2678"},"modified":"2023-01-13T16:18:20","modified_gmt":"2023-01-13T15:18:20","slug":"alpine-pearls-geschenkkarte-urlaub","status":"publish","type":"page","link":"https:\/\/ecobnb.de\/blog\/alpine-pearls-geschenkkarte-urlaub\/","title":{"rendered":"Ecobnb-Geschenkkarten: Verschenken Sie einen sanften Urlaub in den Alpen"},"content":{"rendered":"<h2>Schenken Sie etwas Besonderes &#8211; mit den Ecobnb Gift Cards! Schenken Sie Ihren Lieben den Traum von einem nachhaltigen Urlaub in den wunderbaren, gr\u00fcnen Destinationen der Alpen<\/h2>\n<p>Ein <strong>Geschenk<\/strong>, das gleichzeitig ein Versprechen ist: Wir werden zur\u00fcckkehren, um in v\u00f6lliger Sicherheit zu reisen, den Zauber der <strong>Natur<\/strong> zu entdecken und jene unbeschreiblichen Gef\u00fchle wieder zu erleben, die wir bei der Ankunft an unbekannten Orten empfinden. Das ist die Idee unserer<strong> Gift Cards<\/strong>, <strong>digitale Gutscheine<\/strong>, die es Ihren Lieben erm\u00f6glichen, so schnell wie m\u00f6glich einen nachhaltigen <strong>Urlaub <\/strong>in den\u00a0Bergdestinationen, die die sanfte Mobilit\u00e4t f\u00f6rdern, zu buchen und zu erleben.<\/p>\n<p><strong>In wenigen Minuten<\/strong> k\u00f6nnen Sie ein Geschenk gestalten, das jeder zu sch\u00e4tzen wei\u00df, ein Geschenk, das in der Lage ist, den Beschenkten dank Erlebnissen und sch\u00f6nen Erinnerungen f\u00fcr immer zu bereichern.<\/p>\n<h3>Sie wollen einen umweltfreundlichen Urlaub in den Alpen verschenken?<\/h3>\n<h2><a href=\"https:\/\/ecobnb.de\/buy-giftcard\" target=\"_blank\" rel=\"noopener\">Erstellen Sie jetzt Ihre Ecobnb Geschenkkarte!<\/a><\/h2>\n<p><img class=\"alignnone size-large wp-image-3160\" src=\"https:\/\/ecobnb.de\/blog\/app\/uploads\/sites\/4\/2023\/01\/1-870x490.jpg\" alt=\"Ecobnb-Geschenkkarten: Verschenken Sie einen sanften Urlaub in den Alpen\" width=\"870\" height=\"490\" srcset=\"https:\/\/ecobnb.de\/blog\/app\/uploads\/sites\/4\/2023\/01\/1.jpg 870w, https:\/\/ecobnb.de\/blog\/app\/uploads\/sites\/4\/2023\/01\/1-536x302.jpg 536w, https:\/\/ecobnb.de\/blog\/app\/uploads\/sites\/4\/2023\/01\/1-768x433.jpg 768w, https:\/\/ecobnb.de\/blog\/app\/uploads\/sites\/4\/2023\/01\/1-570x320.jpg 570w, https:\/\/ecobnb.de\/blog\/app\/uploads\/sites\/4\/2023\/01\/1-344x194.jpg 344w\" sizes=\"(max-width: 870px) 100vw, 870px\" \/><\/p>\n<p>Die Beschenkten k\u00f6nnen damit einen Aufenthalt in den zahlreichen umweltfreundlichen Hotels buchen, <strong>in den Alpen<\/strong>.\u00a0K\u00f6nnen faszinierende Landschaften entdeckt, neue Traditionen kennen gelernt und sanft mobile Aktivit\u00e4ten ausprobiert werden: mit Schneeschuhen, auf einem Elektrofahrrad oder bei Kutschenfahrten. Erleben Sie so alle <strong>Wunder der Berge und der Alpen<\/strong>.<\/p>\n<div id=\"attachment_2705\" class=\"thumbnail alignnone\"><img class=\"wp-image-2705 size-full\" src=\"https:\/\/ecobnb.de\/blog\/app\/uploads\/sites\/4\/2020\/12\/alps.jpg\" alt=\"Wunder der Berge und der Alpen.\" width=\"870\" height=\"490\" srcset=\"https:\/\/ecobnb.de\/blog\/app\/uploads\/sites\/4\/2020\/12\/alps.jpg 870w, https:\/\/ecobnb.de\/blog\/app\/uploads\/sites\/4\/2020\/12\/alps-536x302.jpg 536w, https:\/\/ecobnb.de\/blog\/app\/uploads\/sites\/4\/2020\/12\/alps-768x433.jpg 768w, https:\/\/ecobnb.de\/blog\/app\/uploads\/sites\/4\/2020\/12\/alps-570x320.jpg 570w, https:\/\/ecobnb.de\/blog\/app\/uploads\/sites\/4\/2020\/12\/alps-344x194.jpg 344w\" sizes=\"(max-width: 870px) 100vw, 870px\" \/><div class=\"caption\">\u00a9 Benjamin Voros via Unsplash<\/div><\/div>\n<h2>Ein aufmerksames Geschenk<\/h2>\n<p>Das Argument, dass es nichts Sch\u00f6neres gibt, als eine besondere und <strong>authentische Erfahrun<\/strong>g ist sogar wissenschaftlich erwiesen: Einige kalifornische Studien zeigen, dass Erfahrungsgeschenke die Beziehungen zwischen denen, die geben, und denen, die empfangen, st\u00e4rken und die Menschen gl\u00fccklicher machen, und zwar in einem viel gr\u00f6\u00dferen Ausma\u00df als materielle Gegenst\u00e4nde. Dies geschieht, weil Erfahrungen nicht nur Freude bereiten, w\u00e4hrend wir sie erleben, sondern auch w\u00e4hrend der Planung und vor allem sp\u00e4ter, wenn wir in Erinnerungen schwelgen und diese erz\u00e4hlen.<\/p>\n<p><img class=\"alignnone size-full wp-image-2710\" src=\"https:\/\/ecobnb.de\/blog\/app\/uploads\/sites\/4\/2020\/12\/Ein-aufmerksames-Geschenk.jpg\" alt=\"Ein aufmerksames Geschenk\" width=\"870\" height=\"490\" srcset=\"https:\/\/ecobnb.de\/blog\/app\/uploads\/sites\/4\/2020\/12\/Ein-aufmerksames-Geschenk.jpg 870w, https:\/\/ecobnb.de\/blog\/app\/uploads\/sites\/4\/2020\/12\/Ein-aufmerksames-Geschenk-536x302.jpg 536w, https:\/\/ecobnb.de\/blog\/app\/uploads\/sites\/4\/2020\/12\/Ein-aufmerksames-Geschenk-768x433.jpg 768w, https:\/\/ecobnb.de\/blog\/app\/uploads\/sites\/4\/2020\/12\/Ein-aufmerksames-Geschenk-570x320.jpg 570w, https:\/\/ecobnb.de\/blog\/app\/uploads\/sites\/4\/2020\/12\/Ein-aufmerksames-Geschenk-344x194.jpg 344w\" sizes=\"(max-width: 870px) 100vw, 870px\" \/><\/p>\n<p>Wir sind uns der unendlichen<strong> Vorz\u00fcge der Natur<\/strong> und insbesondere der Berge bewusst und haben in den letzten Monaten noch mehr gelernt, wie wichtig es f\u00fcr uns und unser Wohlbefinden ist; in die W\u00e4lder einzutauchen, saubere Luft zu atmen, die Welt um uns herum zu erkunden und au\u00dfergew\u00f6hnliche Momente zu erleben. Und wir haben mehr denn je erkannt, wie wichtig es ist, in <strong>Harmonie mit der Umwelt<\/strong> zu leben.<\/p>\n<p>Ein Geschenk, das die M\u00f6glichkeit bietet, einen <strong>nachhaltigen Urlaub<\/strong> zu erleben, Abfall reduziert und das \u00d6kosystem sch\u00fctzt, scheint uns das perfekte Geschenk zu sein.<\/p>\n<h2>Die gr\u00fcnen Reiseziele der Ecobnb Gift Card<\/h2>\n<p><img class=\"alignnone size-full wp-image-2726\" src=\"https:\/\/ecobnb.de\/blog\/app\/uploads\/sites\/4\/2020\/12\/mobilita-dolce-nelle-perle-alpine.jpg\" alt=\"weiche Mobilit\u00e4t in den Alpen\" width=\"870\" height=\"490\" srcset=\"https:\/\/ecobnb.de\/blog\/app\/uploads\/sites\/4\/2020\/12\/mobilita-dolce-nelle-perle-alpine.jpg 870w, https:\/\/ecobnb.de\/blog\/app\/uploads\/sites\/4\/2020\/12\/mobilita-dolce-nelle-perle-alpine-536x302.jpg 536w, https:\/\/ecobnb.de\/blog\/app\/uploads\/sites\/4\/2020\/12\/mobilita-dolce-nelle-perle-alpine-768x433.jpg 768w, https:\/\/ecobnb.de\/blog\/app\/uploads\/sites\/4\/2020\/12\/mobilita-dolce-nelle-perle-alpine-570x320.jpg 570w, https:\/\/ecobnb.de\/blog\/app\/uploads\/sites\/4\/2020\/12\/mobilita-dolce-nelle-perle-alpine-344x194.jpg 344w\" sizes=\"(max-width: 870px) 100vw, 870px\" \/><\/p>\n<p>Es gibt Destinationen an spektakul\u00e4ren Orten im Alpenraum und investieren seit \u00fcber zwanzig Jahren in Richtung nachhaltige Mobilit\u00e4t. V\u00f6llig <strong>autofreie Orte<\/strong>, wie Chamois in Italien; Ziele die <strong>perfekt mit dem Zug erreichbar<\/strong> sind, wie Bad Reichenhall in Deutschland oder Disentis in der Schweiz. Am Zielort angekommen, k\u00f6nnen Sie den Ort ganz einfach mit <strong>\u00f6ffentlichen Verkehrsmitteln<\/strong> oder <strong>Fun-Fahrzeugen<\/strong> entdecken, wie in Werfenweng in \u00d6sterreich. Hier erkunden Sie die Gegend mit <strong>Elektroauto<\/strong>, <strong>E-Bike<\/strong>, Golf Cart und und und. Genie\u00dfen Sie Ihren Urlaub in v\u00f6lliger Entspannung, fernab von Verkehr und Smog, <strong>respektvoll mit der Natur<\/strong>.<\/p>\n<p>Hier ist es m\u00f6glich die Geschenkkarte einzul\u00f6sen und einen Urlaub in den Bergen zu buchen!<\/p>\n<h2>Sie wollen einen gr\u00fcnen Urlaub in den Alpen verschenken?<\/h2>\n<h3><a href=\"https:\/\/ecobnb.de\/buy-giftcard\" target=\"_blank\" rel=\"noopener\">Stellen Sie Ihre Ecobnb Geschenkkarte zusammen und Sie erhalten sie in wenigen Minuten per E-Mail!<\/a><\/h3>\n<p><img class=\"alignnone size-large wp-image-3161\" src=\"https:\/\/ecobnb.de\/blog\/app\/uploads\/sites\/4\/2023\/01\/2-870x490.jpg\" alt=\"Ecobnb-Geschenkkarten: Verschenken Sie einen sanften Urlaub in den Alpen\" width=\"870\" height=\"490\" srcset=\"https:\/\/ecobnb.de\/blog\/app\/uploads\/sites\/4\/2023\/01\/2.jpg 870w, https:\/\/ecobnb.de\/blog\/app\/uploads\/sites\/4\/2023\/01\/2-536x302.jpg 536w, https:\/\/ecobnb.de\/blog\/app\/uploads\/sites\/4\/2023\/01\/2-768x433.jpg 768w, https:\/\/ecobnb.de\/blog\/app\/uploads\/sites\/4\/2023\/01\/2-570x320.jpg 570w, https:\/\/ecobnb.de\/blog\/app\/uploads\/sites\/4\/2023\/01\/2-344x194.jpg 344w\" sizes=\"(max-width: 870px) 100vw, 870px\" \/><\/p>\n<h2>3 gute Gr\u00fcnde f\u00fcr die Ecobnb-Geschenkkarte:<\/h2>\n<ol>\n<li><strong>Es ist ein originelles und nachhaltiges Geschenk<\/strong>. Auf diese Weise k\u00f6nnen Sie gr\u00fcne Reiseziele und Unterk\u00fcnfte f\u00f6rdern, die in eine bessere Zukunft investieren.<\/li>\n<li><strong>Ein Erlebnis ist besser als Gegenst\u00e4nde zu verschenken<\/strong>. <a href=\"https:\/\/www.sciencedaily.com\/releases\/2016\/12\/161215143300.htm\" target=\"_blank\" rel=\"noopener\">Einigen Studien<\/a> zufolge beg\u00fcnstigen Erlebnisgeschenke Altruismus und Dankbarkeit bei denjenigen, die sie erhalten.<\/li>\n<li><strong>Reisen macht gl\u00fccklich<\/strong>. Tats\u00e4chlich steigern Reisen die Kreativit\u00e4t, sind <a href=\"https:\/\/ecobnb.com\/blog\/2016\/08\/why-travel-is-good\/\" target=\"_blank\" rel=\"noopener\">gut f\u00fcr die Gesundheit<\/a> und verbessern sogar Ihren QI!<\/li>\n<\/ol>\n<p><img class=\"alignnone size-full wp-image-1986\" src=\"https:\/\/ecobnb.de\/blog\/app\/uploads\/sites\/4\/2019\/12\/gift-card-ecobnb.jpg\" alt=\"Ecobnb-Geschenkkarten: Verschenken Sie einen sanften Urlaub in den Alpen\" width=\"870\" height=\"490\" srcset=\"https:\/\/ecobnb.de\/blog\/app\/uploads\/sites\/4\/2019\/12\/gift-card-ecobnb.jpg 870w, https:\/\/ecobnb.de\/blog\/app\/uploads\/sites\/4\/2019\/12\/gift-card-ecobnb-536x302.jpg 536w, https:\/\/ecobnb.de\/blog\/app\/uploads\/sites\/4\/2019\/12\/gift-card-ecobnb-768x433.jpg 768w, https:\/\/ecobnb.de\/blog\/app\/uploads\/sites\/4\/2019\/12\/gift-card-ecobnb-570x320.jpg 570w, https:\/\/ecobnb.de\/blog\/app\/uploads\/sites\/4\/2019\/12\/gift-card-ecobnb-344x194.jpg 344w\" sizes=\"(max-width: 870px) 100vw, 870px\" \/><\/p>\n<h2>Merkmale der Geschenkkarte<\/h2>\n<ul>\n<li><strong>12 Monate G\u00fcltigkeit<\/strong>. Wer die Ecobnb Geschenkkarte erh\u00e4lt, hat ein Jahr Zeit, sein Wochenende oder seinen gr\u00fcnen Urlaub zu buchen. Im Falle einer Reiseunf\u00e4higkeit kann die G\u00fcltigkeit der Geschenkkarte verl\u00e4ngert werden.<\/li>\n<li><strong>Flexibilit\u00e4t und gro\u00dfe Auswahl<\/strong>. Die Beschenkten entscheiden wo die Karte eingel\u00f6st wird: in \u00d6ko-Hotels, Bio-Bauernh\u00f6fen, bezaubernden und charmanten H\u00fctten, Chalets inmitten der Natur, innerhalb der Reiseziele der Alpen. Die Geschenkkarte kann auch f\u00fcr Erlebnisse (z.B. Abendessen, Spa usw.) und Sonderangebote verwendet werden.<\/li>\n<li><strong>Garantierter Wert<\/strong>. Hat der gebuchte Aufenthalt einen geringeren Wert als die Geschenkkarte, erh\u00e4lt der Reisende eine neue Ecobnb Geschenkkarte f\u00fcr den Restbetrag, welche f\u00fcr einen Weiteren Aufenthalt verwendet werden kann. Ist dagegen der Betrag des gebuchten Aufenthalts h\u00f6her als der des Ecobnb Geschenkgutscheins, kann der Reisende die Differenz w\u00e4hrend seines Aufenthalts direkt in der Unterkunft zahlen.<\/li>\n<\/ul>\n<p><img class=\"alignnone size-full wp-image-2725\" src=\"https:\/\/ecobnb.de\/blog\/app\/uploads\/sites\/4\/2020\/12\/mobilit\u00e0-dolce-sulla-neve.jpg\" alt=\"weiche Mobilit\u00e4t im Schnee\" width=\"870\" height=\"490\" srcset=\"https:\/\/ecobnb.de\/blog\/app\/uploads\/sites\/4\/2020\/12\/mobilit\u00e0-dolce-sulla-neve.jpg 870w, https:\/\/ecobnb.de\/blog\/app\/uploads\/sites\/4\/2020\/12\/mobilit\u00e0-dolce-sulla-neve-536x302.jpg 536w, https:\/\/ecobnb.de\/blog\/app\/uploads\/sites\/4\/2020\/12\/mobilit\u00e0-dolce-sulla-neve-768x433.jpg 768w, https:\/\/ecobnb.de\/blog\/app\/uploads\/sites\/4\/2020\/12\/mobilit\u00e0-dolce-sulla-neve-570x320.jpg 570w, https:\/\/ecobnb.de\/blog\/app\/uploads\/sites\/4\/2020\/12\/mobilit\u00e0-dolce-sulla-neve-344x194.jpg 344w\" sizes=\"(max-width: 870px) 100vw, 870px\" \/><\/p>\n<h3><a href=\"https:\/\/ecobnb.de\/buy-giftcard\" target=\"_blank\" rel=\"noopener\">Gestalten Sie Ihre pers\u00f6nliche Ecobnb-Geschenkkarte!<\/a><\/h3>\n","protected":false},"excerpt":{"rendered":"<p>Schenken Sie etwas Besonderes &#8211; mit den Ecobnb Gift Cards! Schenken Sie Ihren Lieben den Traum von einem nachhaltigen Urlaub in den wunderbaren, gr\u00fcnen Destinationen der Alpen Ein Geschenk, das gleichzeitig ein Versprechen ist: Wir werden zur\u00fcckkehren, um in v\u00f6lliger Sicherheit zu reisen, den Zauber der Natur zu entdecken und jene unbeschreiblichen Gef\u00fchle wieder zu [&hellip;]<\/p>\n","protected":false},"author":3,"featured_media":3162,"parent":0,"menu_order":0,"comment_status":"closed","ping_status":"closed","template":"","meta":[],"acf":[],"yoast_head":"<!-- This site is optimized with the Yoast SEO plugin v19.9 - https:\/\/yoast.com\/wordpress\/plugins\/seo\/ -->\n<title>Verschenken Sie einen sanften Urlaub in den Alpen - Ecobnb<\/title>\n<meta name=\"description\" content=\"Sie wollen einen umweltfreundlichen Urlaub in den Alpen verschenken? Gestalten Sie Ihre Ecobnb-Geschenkkarte in weniger als einer Minute!\" \/>\n<meta name=\"robots\" content=\"index, follow, max-snippet:-1, max-image-preview:large, max-video-preview:-1\" \/>\n<link rel=\"canonical\" href=\"https:\/\/ecobnb.de\/blog\/alpine-pearls-geschenkkarte-urlaub\/\" \/>\n<meta property=\"og:locale\" content=\"de_DE\" \/>\n<meta property=\"og:type\" content=\"article\" \/>\n<meta property=\"og:title\" content=\"Verschenken Sie einen sanften Urlaub in den Alpen - Ecobnb\" \/>\n<meta property=\"og:description\" content=\"Sie wollen einen umweltfreundlichen Urlaub in den Alpen verschenken? Gestalten Sie Ihre Ecobnb-Geschenkkarte in weniger als einer Minute!\" \/>\n<meta property=\"og:url\" content=\"https:\/\/ecobnb.de\/blog\/alpine-pearls-geschenkkarte-urlaub\/\" \/>\n<meta property=\"og:site_name\" content=\"Ecobnb\" \/>\n<meta property=\"article:modified_time\" content=\"2023-01-13T15:18:20+00:00\" \/>\n<meta property=\"og:image\" content=\"https:\/\/ecobnb.de\/blog\/app\/uploads\/sites\/4\/2023\/01\/regala-un-viaggio-tra-le-alpi-con-ecobnb.jpg\" \/>\n\t<meta property=\"og:image:width\" content=\"1170\" \/>\n\t<meta property=\"og:image:height\" content=\"490\" \/>\n\t<meta property=\"og:image:type\" content=\"image\/jpeg\" \/>\n<meta name=\"twitter:card\" content=\"summary_large_image\" \/>\n<meta name=\"twitter:label1\" content=\"Est. reading time\" \/>\n\t<meta name=\"twitter:data1\" content=\"6 minutes\" \/>\n<!-- \/ Yoast SEO plugin. -->","yoast_head_json":{"title":"Verschenken Sie einen sanften Urlaub in den Alpen - Ecobnb","description":"Sie wollen einen umweltfreundlichen Urlaub in den Alpen verschenken? Gestalten Sie Ihre Ecobnb-Geschenkkarte in weniger als einer Minute!","robots":{"index":"index","follow":"follow","max-snippet":"max-snippet:-1","max-image-preview":"max-image-preview:large","max-video-preview":"max-video-preview:-1"},"canonical":"https:\/\/ecobnb.de\/blog\/alpine-pearls-geschenkkarte-urlaub\/","og_locale":"de_DE","og_type":"article","og_title":"Verschenken Sie einen sanften Urlaub in den Alpen - Ecobnb","og_description":"Sie wollen einen umweltfreundlichen Urlaub in den Alpen verschenken? Gestalten Sie Ihre Ecobnb-Geschenkkarte in weniger als einer Minute!","og_url":"https:\/\/ecobnb.de\/blog\/alpine-pearls-geschenkkarte-urlaub\/","og_site_name":"Ecobnb","article_modified_time":"2023-01-13T15:18:20+00:00","og_image":[{"width":1170,"height":490,"url":"https:\/\/ecobnb.de\/blog\/app\/uploads\/sites\/4\/2023\/01\/regala-un-viaggio-tra-le-alpi-con-ecobnb.jpg","type":"image\/jpeg"}],"twitter_card":"summary_large_image","twitter_misc":{"Est. reading time":"6 minutes"},"schema":{"@context":"https:\/\/schema.org","@graph":[{"@type":"WebPage","@id":"https:\/\/ecobnb.de\/blog\/alpine-pearls-geschenkkarte-urlaub\/","url":"https:\/\/ecobnb.de\/blog\/alpine-pearls-geschenkkarte-urlaub\/","name":"Verschenken Sie einen sanften Urlaub in den Alpen - Ecobnb","isPartOf":{"@id":"https:\/\/ecobnb.de\/blog\/#website"},"datePublished":"2020-12-04T09:45:42+00:00","dateModified":"2023-01-13T15:18:20+00:00","description":"Sie wollen einen umweltfreundlichen Urlaub in den Alpen verschenken? Gestalten Sie Ihre Ecobnb-Geschenkkarte in weniger als einer Minute!","breadcrumb":{"@id":"https:\/\/ecobnb.de\/blog\/alpine-pearls-geschenkkarte-urlaub\/#breadcrumb"},"inLanguage":"de-DE","potentialAction":[{"@type":"ReadAction","target":["https:\/\/ecobnb.de\/blog\/alpine-pearls-geschenkkarte-urlaub\/"]}]},{"@type":"BreadcrumbList","@id":"https:\/\/ecobnb.de\/blog\/alpine-pearls-geschenkkarte-urlaub\/#breadcrumb","itemListElement":[{"@type":"ListItem","position":1,"name":"Home","item":"https:\/\/ecobnb.de\/blog\/"},{"@type":"ListItem","position":2,"name":"Ecobnb-Geschenkkarten: Verschenken Sie einen sanften Urlaub in den Alpen"}]},{"@type":"WebSite","@id":"https:\/\/ecobnb.de\/blog\/#website","url":"https:\/\/ecobnb.de\/blog\/","name":"Ecobnb","description":"Find sustainable accommodation","potentialAction":[{"@type":"SearchAction","target":{"@type":"EntryPoint","urlTemplate":"https:\/\/ecobnb.de\/blog\/?s={search_term_string}"},"query-input":"required name=search_term_string"}],"inLanguage":"de-DE"}]}},"_links":{"self":[{"href":"https:\/\/ecobnb.de\/blog\/wp-json\/wp\/v2\/pages\/2678"}],"collection":[{"href":"https:\/\/ecobnb.de\/blog\/wp-json\/wp\/v2\/pages"}],"about":[{"href":"https:\/\/ecobnb.de\/blog\/wp-json\/wp\/v2\/types\/page"}],"author":[{"embeddable":true,"href":"https:\/\/ecobnb.de\/blog\/wp-json\/wp\/v2\/users\/3"}],"replies":[{"embeddable":true,"href":"https:\/\/ecobnb.de\/blog\/wp-json\/wp\/v2\/comments?post=2678"}],"version-history":[{"count":24,"href":"https:\/\/ecobnb.de\/blog\/wp-json\/wp\/v2\/pages\/2678\/revisions"}],"predecessor-version":[{"id":3165,"href":"https:\/\/ecobnb.de\/blog\/wp-json\/wp\/v2\/pages\/2678\/revisions\/3165"}],"wp:featuredmedia":[{"embeddable":true,"href":"https:\/\/ecobnb.de\/blog\/wp-json\/wp\/v2\/media\/3162"}],"wp:attachment":[{"href":"https:\/\/ecobnb.de\/blog\/wp-json\/wp\/v2\/media?parent=2678"}],"curies":[{"name":"wp","href":"https:\/\/api.w.org\/{rel}","templated":true}]}}