{"id":54,"date":"2015-11-06T09:09:21","date_gmt":"2015-11-06T08:09:21","guid":{"rendered":"https:\/\/ecobnb.de\/blog\/?page_id=54"},"modified":"2025-11-02T11:26:41","modified_gmt":"2025-11-02T10:26:41","slug":"uber","status":"publish","type":"page","link":"https:\/\/ecobnb.de\/blog\/uber\/","title":{"rendered":"\u00dcber Ecobnb \u2013 Gemeinschaft f\u00fcr nachhaltigen Tourismus"},"content":{"rendered":"<table class=\"table\" style=\"clear: both;\">\n<tbody>\n<tr>\n<td style=\"vertical-align: middle!important;\">\n<h2>Bei Ecobnb finden Sie alle Arten von umweltfreundlichen Unterk\u00fcnften<\/h2>\n<p>von Baumh\u00e4usern \u00fcber nachhaltige Hotels, von \u201eAlbergo Diffuso\u201c in historischen italienischen D\u00f6rfern bis zu Iglus im Eis, von biologischen Bauernh\u00f6fen inmitten der Natur bis zu emissionsfreien Bergh\u00fctten.<\/td>\n<td style=\"vertical-align: middle!important;\"><img class=\"alignnone size-full wp-image-86851\" src=\"https:\/\/ecobnb.it\/blog\/app\/uploads\/sites\/2\/2025\/09\/casa-sullalbero-glamping-il-sole.png\" alt=\"Baumhaus Glamping il sole\" width=\"520\" height=\"347\" \/><\/td>\n<\/tr>\n<tr>\n<td style=\"vertical-align: middle!important;\">\n<h3><img class=\"alignnone wp-image-1527\" src=\"https:\/\/ecobnb.it\/blog\/app\/uploads\/sites\/2\/2013\/05\/MG_1913cmyk-536x357.jpg\" alt=\"M\u00e4dchen auf dem Fahrrad am Strand\" width=\"520\" height=\"347\" \/><\/h3>\n<\/td>\n<td style=\"vertical-align: middle!important;\">\n<h2>Unsere Mission und unsere Geschichte<\/h2>\n<p>Ecobnb ist ein Abenteuer, das gestartet wurde, um die Art des Reisens zu ver\u00e4ndern und M\u00f6glichkeiten f\u00fcr verantwortungsvollen Tourismus sichtbar zu machen \u2013 respektvoll gegen\u00fcber Umwelt, Wirtschaft und lokalen Gemeinschaften.<\/p>\n<p>\u201eAlles begann, als ich w\u00e4hrend einer Universit\u00e4tskonferenz in Potenza online eine nachhaltige Unterkunft f\u00fcr meinen Aufenthalt suchte, aber keine fand. Aus dieser unm\u00f6glichen Suche entstand die Idee: nachhaltigen Tourismus f\u00fcr alle zug\u00e4nglich zu machen. So entstand Ecobnb.\u201c \u2014 <em data-start=\"1227\" data-end=\"1265\">Simone Riccardi <\/em>&#8230; <a href=\"https:\/\/ecobnb.it\/blog\/storia\/\" target=\"_blank\" rel=\"noopener\">[lesen Sie unsere Geschichte weiter]<\/a><\/td>\n<\/tr>\n<tr>\n<td style=\"vertical-align: middle!important;\">\n<h2>Unser Engagement f\u00fcr die Umwelt<\/h2>\n<p><strong>Wir f\u00f6rdern verantwortungsvollen und umweltfreundlichen Tourismus<\/strong>, Aufenthalte in \u00f6kologischen Unterk\u00fcnften, Bio-Lebensmittel, umweltfreundliche Routen, schadstofffreie Mobilit\u00e4t und die Entdeckung authentischer, lokaler Orte.<\/p>\n<p>Wenn Sie mit Ecobnb reisen, sparen Sie Wasser, reduzieren Abfall und CO2-Emissionen \u2013 das entspricht <a href=\"https:\/\/ecobnb.de\/blog\/baeume-retten-ecobnb-reisen\/\" target=\"_blank\" rel=\"noopener\"><strong>geretteten B\u00e4umen<\/strong><\/a>!<\/p>\n<p><strong>Unsere Website ist ebenfalls nachhaltig: 0 % CO2-Emissionen und 100 % saubere Energie<\/strong>. Die Server von Ecobnb werden vollst\u00e4ndig mit lokaler erneuerbarer Energie betrieben (Hetzner Online). Eine Entscheidung wie \u201eZero-Kilometer\u201c, genau wie unsere Reisen.<\/p>\n<h3><\/h3>\n<\/td>\n<td style=\"vertical-align: middle!important;\">\n<h3><img class=\"alignnone wp-image-1522\" src=\"https:\/\/ecobnb.it\/blog\/app\/uploads\/sites\/2\/2013\/05\/quaking-aspen-trees_1497_600x450-536x402.jpg\" alt=\"\u00d6kologie und nachhaltiger Tourismus\" width=\"520\" height=\"390\" \/><\/h3>\n<h2><\/h2>\n<\/td>\n<\/tr>\n<\/tbody>\n<\/table>\n<hr \/>\n<h2>\u00dcber uns berichten<\/h2>\n<p><a href=\"https:\/\/ecobnb.it\/blog\/2015\/02\/il-sole-24-ore-viaggi-natura\/\"><img class=\"alignnone wp-image-13486\" src=\"https:\/\/ecobnb.it\/blog\/app\/uploads\/sites\/2\/2013\/05\/Il_Sole_24_Ore_BN.png\" alt=\"\" width=\"180\" height=\"58\" \/><\/a>\u00a0 \u00a0 \u00a0 \u00a0<a href=\"https:\/\/ecobnb.it\/blog\/2014\/06\/turismo-benessere-eco-repubblica\/\"><img class=\"alignnone wp-image-8690 size-full\" src=\"https:\/\/ecobnb.it\/blog\/app\/uploads\/sites\/2\/2013\/05\/repubblica-e1404281872396.jpg\" alt=\"repubblica\" width=\"200\" height=\"42\" \/><\/a>\u00a0 \u00a0 \u00a0 \u00a0<a href=\"https:\/\/ecobnb.it\/blog\/2014\/03\/io-dormo-eco\/\"><img class=\"alignnone wp-image-6871\" src=\"https:\/\/ecobnb.it\/blog\/app\/uploads\/sites\/2\/2013\/05\/LEspresso-BN.jpg\" alt=\"L'Espresso BN\" width=\"187\" height=\"41\" \/><\/a>\u00a0 \u00a0 \u00a0 \u00a0<a href=\"https:\/\/ecobnb.it\/blog\/2013\/07\/viaggia-green-cosmopolitan-parla-di-viaggiverdi\/\" target=\"_blank\" rel=\"noopener\"><img class=\"alignnone wp-image-3979\" src=\"https:\/\/ecobnb.it\/blog\/app\/uploads\/sites\/2\/2013\/05\/cosmopolitan_bg_logoBW.gif\" alt=\"cosmopolitan_bg_logoBW\" width=\"175\" height=\"34\" \/><\/a>\u00a0 \u00a0\u00a0\u00a0<a href=\"https:\/\/ecobnb.it\/blog\/2014\/03\/dove-whatsapp-vai-il-corriere-della-sera-nel-magazine-style-parla-di-viaggiverdi\/\"><img class=\"alignnone wp-image-8691 size-full\" src=\"https:\/\/ecobnb.it\/blog\/app\/uploads\/sites\/2\/2013\/05\/STYLE-logo-e1404282178904.jpg\" alt=\"STYLE logo\" width=\"180\" height=\"96\" \/><\/a>\u00a0 \u00a0 \u00a0 \u00a0<img class=\"alignnone wp-image-3981\" src=\"https:\/\/ecobnb.it\/blog\/app\/uploads\/sites\/2\/2013\/05\/millionaire-bw.jpg\" alt=\"millionaire bw\" width=\"126\" height=\"43\" \/> \u00a0 \u00a0 <a href=\"https:\/\/ecobnb.it\/blog\/2013\/09\/ora-la-vacanza-e-ecofriendly\/\" target=\"_blank\" rel=\"noopener\"><img class=\"alignnone wp-image-3980\" src=\"https:\/\/ecobnb.it\/blog\/app\/uploads\/sites\/2\/2013\/05\/donna_moderna_logo-bw.jpg\" alt=\"donna_moderna_logo bw\" width=\"136\" height=\"70\" \/><\/a>\u00a0 <a href=\"https:\/\/ecobnb.it\/blog\/2015\/08\/casa-green-corriere-innovazione-ecobnb\/\"><img class=\"alignnone wp-image-13487\" src=\"https:\/\/ecobnb.it\/blog\/app\/uploads\/sites\/2\/2013\/05\/corriere-innovazione-bn.jpg\" alt=\"Ecobnb im Corriere Innovazione\" width=\"200\" height=\"71\" \/><\/a>\u00a0 \u00a0\u00a0\u00a0 <img class=\"alignnone size-full wp-image-16675\" src=\"https:\/\/ecobnb.it\/blog\/app\/uploads\/sites\/2\/2013\/05\/20110812121938Il_Messaggero_logo1.png\" alt=\"Il Messagero Logo\" width=\"180\" height=\"38\" \/>\u00a0\u00a0\u00a0\u00a0\u00a0 <a href=\"http:\/\/www.terranuova.it\/Ecoturismo\/Viaggiare-Sostenibile-le-migliori-proposte-green-da-non-perdere-nel-2016\"><img class=\"alignnone wp-image-16780\" src=\"https:\/\/ecobnb.it\/blog\/app\/uploads\/sites\/2\/2013\/05\/terranuova-bn.jpg\" alt=\"Ecobnb auf TerraNuova\" width=\"250\" height=\"44\" \/><\/a>&#8230;\u00a0\u00a0<a href=\"https:\/\/ecobnb.it\/blog\/category\/stampa\/\" target=\"_blank\" rel=\"noopener\">\u00a0weitere Artikel lesen<\/a><\/p>\n<hr \/>\n<h2 style=\"text-align: right;\">\u00a0Das Ecobnb-Team<\/h2>\n<h3>Simone<\/h3>\n<p><img class=\"wp-image-86845 alignleft\" src=\"https:\/\/ecobnb.it\/blog\/app\/uploads\/sites\/2\/2025\/09\/simone-riccardi-e1758542473999.png\" alt=\"Simone Riccardi, Gr\u00fcnder von Ecobnb\" width=\"180\" height=\"180\" \/>Sozialunternehmer, Mitgr\u00fcnder von Ecobnb \u2013 der Treffpunkt f\u00fcr verantwortungsbewusste Reisende und Unterk\u00fcnfte, die in eine bessere Zukunft investieren. Er promovierte \u00fcber Online-St\u00e4dte, war Fulbright BEST-Stipendiat an der UCLA, Kalifornien, und studierte dort Business Management und Unternehmertum. Gr\u00fcnder einer solidarischen Einkaufsgruppe (GAStronauti di Parma) und Pr\u00e4sident der Kulturvereinigung \u201eLe Citt\u00e0 Invisibili\u201c in Parma, arbeitete er mit verschiedenen sozialen und Freiwilligenorganisationen zusammen.<\/p>\n<p><strong>Lieblingszitat:<\/strong> Eine Reise von tausend Meilen beginnt mit einem einzigen Schritt. (Lao-Tz\u00fb)<\/p>\n<hr \/>\n<h3>Silvia<\/h3>\n<p><a href=\"https:\/\/ecobnb.it\/blog\/app\/uploads\/sites\/2\/2013\/05\/Silvia_foto.jpg\"><img class=\"alignleft wp-image-12343\" src=\"https:\/\/ecobnb.it\/blog\/app\/uploads\/sites\/2\/2013\/05\/Silvia_foto-536x540.jpg\" alt=\"Silvia Ombellini, Ecobnb\" width=\"180\" height=\"181\" \/><\/a>Architektin mit Reiselust. Promotion und mehrere Jahre Berufserfahrung in Stadtplanung und Lehre. Nach der Geburt ihres zweiten Kindes mitgr\u00fcndete sie Ecobnb, um das Reisen umweltfreundlicher und respektvoll gegen\u00fcber Orten und Menschen zu gestalten. Dank des Spinner2013-Programms verbrachte sie ein Jahr in Kalifornien, um User Experience Design an der UCLA zu studieren. Sie koordinierte das europ\u00e4ische Projekt EcoDots zur F\u00f6rderung nachhaltigen Tourismus in Europa.<\/p>\n<p><strong>Lieblingszitat:<\/strong> W\u00e4hle einen Beruf, den du liebst, und du wirst keinen Tag in deinem Leben arbeiten m\u00fcssen. (Konfuzius)<\/p>\n<hr \/>\n<h3>Chiara<\/h3>\n<p><img class=\"alignleft wp-image-85948 size-full\" src=\"https:\/\/ecobnb.it\/blog\/app\/uploads\/sites\/2\/2025\/07\/foto_bio_chiara-marras-1-scaled-e1752243116761.jpeg\" alt=\"Chiara, Ecobnb\" width=\"181\" height=\"181\" \/><span style=\"font-size: revert; color: initial;\">Leidenschaftlich in Nachhaltigkeit, langsames Reisen und Kommunikation, schreibt sie f\u00fcr Ecobnb \u00fcber authentische Orte, an denen die Natur im Vordergrund steht. Nach ihrem Abschluss in Kognitionswissenschaften in den Bergen von Trentino widmete sie sich der Kommunikation und dem nachhaltigen Tourismus. Seit \u00fcber zehn Jahren betreut sie die Bloginhalte von Ecobnb und legt dabei Wert auf Umwelt und die Emotionen, die Orte hervorrufen. Heute betreut sie auch den Kundenservice und unterst\u00fctzt Gastgeber und Reisende der Community. Sie lebt auf einer kleinen Insel in Sardinien.<\/span><\/p>\n<p><strong>Lieblingszitat:<\/strong> Vor dem Meer ist Gl\u00fcck eine einfache Idee. (Jean-Claude Izzo)<\/p>\n<hr \/>\n<h3>Pietro<\/h3>\n<p><img class=\"alignleft wp-image-85949 size-full\" src=\"https:\/\/ecobnb.it\/blog\/app\/uploads\/sites\/2\/2025\/07\/pietro-boraschi-scaled-e1752243461336.jpg\" alt=\"Pietro, Ecobnb\" width=\"180\" height=\"180\" \/>Seine gr\u00f6\u00dfte Leidenschaft ist der Bergsport in all seinen Formen: Trailrunning, Alpinismus und Klettern. Jede Tour ist f\u00fcr ihn eine Gelegenheit, sich mit der Natur zu verbinden und die Umwelt zu respektieren. Er k\u00fcmmert sich um die technische Verwaltung der Plattform und verbindet digitale F\u00e4higkeiten mit Nachhaltigkeitswerten, um verantwortungsvolleres Reisen zu f\u00f6rdern.<\/p>\n<p><strong>Lieblingszitat:<\/strong> Die Berge lehren, dass jeder Schritt einen Sinn hat. (Mauro Corona)<\/p>\n<div><\/div>\n<hr \/>\n<h3>Carla<\/h3>\n<p><img class=\"wp-image-26228 size-full alignleft\" src=\"https:\/\/ecobnb.it\/blog\/app\/uploads\/sites\/2\/2013\/05\/Carla-al-Seehof-maggio-20171.jpeg\" alt=\"\" width=\"180\" height=\"181\" \/>F\u00fcr sie ist Reisen wie Atmen: ein nat\u00fcrliches Bed\u00fcrfnis. Je mehr sie reist, desto mehr erkennt sie die Zerbrechlichkeit unseres Planeten. Deshalb hat sie beschlossen, umzudenken und sich jederzeit dem Schutz unserer Erde \u201eim Auftrag unserer Kinder\u201c zu widmen. Wenn sie nicht reist, lebt sie mit ihrer Familie in einem \u00f6kologischen Haus 15 km von Parma entfernt und arbeitet an ihren Projekten: Journalismus (seit 1991 registriert), <a href=\"https:\/\/www.elladigital.it\/\" target=\"_blank\" rel=\"noopener\">elladigital.it<\/a> (Online- und Offline-PR), Social Media Management, Ecobnb und andere gr\u00fcne Ideen.<\/p>\n<p><strong>Traum:<\/strong> dass nachhaltiges Reisen eine allt\u00e4gliche Gewohnheit wird \u2013 wie heute f\u00fcr viele das Papier-Recycling.<\/p>\n<hr \/>\n<h3><\/h3>\n<h3><a href=\"https:\/\/ecobnb.de\/blog\/partner\/\" target=\"_blank\" rel=\"noopener\">Partner und Finanzierung<\/a><\/h3>\n<p><em>Titelbild: Eco-Hospitality Essenza, Sardinien, Italien<\/em><\/p>\n","protected":false},"excerpt":{"rendered":"<p>Bei Ecobnb finden Sie alle Arten von umweltfreundlichen Unterk\u00fcnften von Baumh\u00e4usern \u00fcber nachhaltige Hotels, von \u201eAlbergo Diffuso\u201c in historischen italienischen D\u00f6rfern bis zu Iglus im Eis, von biologischen Bauernh\u00f6fen inmitten der Natur bis zu emissionsfreien Bergh\u00fctten. Unsere Mission und unsere Geschichte Ecobnb ist ein Abenteuer, das gestartet wurde, um die Art des Reisens zu ver\u00e4ndern [&hellip;]<\/p>\n","protected":false},"author":3,"featured_media":6128,"parent":0,"menu_order":0,"comment_status":"closed","ping_status":"open","template":"page-nosidebar.php","meta":[],"acf":[],"yoast_head":"<!-- This site is optimized with the Yoast SEO plugin v19.9 - https:\/\/yoast.com\/wordpress\/plugins\/seo\/ -->\n<title>\u00dcber Ecobnb \u2013 Gemeinschaft f\u00fcr nachhaltigen Tourismus - Ecobnb<\/title>\n<meta name=\"description\" content=\"Ecobnb ist der Treffpunkt zwischen den Reisenden und verantwortungs Hotels, die in eine bessere Zukunft investieren.\" \/>\n<meta name=\"robots\" content=\"index, follow, max-snippet:-1, max-image-preview:large, max-video-preview:-1\" \/>\n<link rel=\"canonical\" href=\"https:\/\/ecobnb.de\/blog\/uber\/\" \/>\n<meta property=\"og:locale\" content=\"de_DE\" \/>\n<meta property=\"og:type\" content=\"article\" \/>\n<meta property=\"og:title\" content=\"\u00dcber Ecobnb \u2013 Gemeinschaft f\u00fcr nachhaltigen Tourismus - Ecobnb\" \/>\n<meta property=\"og:description\" content=\"Ecobnb ist der Treffpunkt zwischen den Reisenden und verantwortungs Hotels, die in eine bessere Zukunft investieren.\" \/>\n<meta property=\"og:url\" content=\"https:\/\/ecobnb.de\/blog\/uber\/\" \/>\n<meta property=\"og:site_name\" content=\"Ecobnb\" \/>\n<meta property=\"article:modified_time\" content=\"2025-11-02T10:26:41+00:00\" \/>\n<meta property=\"og:image\" content=\"https:\/\/ecobnb.de\/blog\/app\/uploads\/sites\/4\/2025\/09\/community-del-turismo-sostenibile-ecobnb.png\" \/>\n\t<meta property=\"og:image:width\" content=\"1170\" \/>\n\t<meta property=\"og:image:height\" content=\"490\" \/>\n\t<meta property=\"og:image:type\" content=\"image\/png\" \/>\n<meta name=\"twitter:card\" content=\"summary_large_image\" \/>\n<meta name=\"twitter:label1\" content=\"Est. reading time\" \/>\n\t<meta name=\"twitter:data1\" content=\"8 minutes\" \/>\n<!-- \/ Yoast SEO plugin. -->","yoast_head_json":{"title":"\u00dcber Ecobnb \u2013 Gemeinschaft f\u00fcr nachhaltigen Tourismus - Ecobnb","description":"Ecobnb ist der Treffpunkt zwischen den Reisenden und verantwortungs Hotels, die in eine bessere Zukunft investieren.","robots":{"index":"index","follow":"follow","max-snippet":"max-snippet:-1","max-image-preview":"max-image-preview:large","max-video-preview":"max-video-preview:-1"},"canonical":"https:\/\/ecobnb.de\/blog\/uber\/","og_locale":"de_DE","og_type":"article","og_title":"\u00dcber Ecobnb \u2013 Gemeinschaft f\u00fcr nachhaltigen Tourismus - Ecobnb","og_description":"Ecobnb ist der Treffpunkt zwischen den Reisenden und verantwortungs Hotels, die in eine bessere Zukunft investieren.","og_url":"https:\/\/ecobnb.de\/blog\/uber\/","og_site_name":"Ecobnb","article_modified_time":"2025-11-02T10:26:41+00:00","og_image":[{"width":1170,"height":490,"url":"https:\/\/ecobnb.de\/blog\/app\/uploads\/sites\/4\/2025\/09\/community-del-turismo-sostenibile-ecobnb.png","type":"image\/png"}],"twitter_card":"summary_large_image","twitter_misc":{"Est. reading time":"8 minutes"},"schema":{"@context":"https:\/\/schema.org","@graph":[{"@type":"WebPage","@id":"https:\/\/ecobnb.de\/blog\/uber\/","url":"https:\/\/ecobnb.de\/blog\/uber\/","name":"\u00dcber Ecobnb \u2013 Gemeinschaft f\u00fcr nachhaltigen Tourismus - Ecobnb","isPartOf":{"@id":"https:\/\/ecobnb.de\/blog\/#website"},"datePublished":"2015-11-06T08:09:21+00:00","dateModified":"2025-11-02T10:26:41+00:00","description":"Ecobnb ist der Treffpunkt zwischen den Reisenden und verantwortungs Hotels, die in eine bessere Zukunft investieren.","breadcrumb":{"@id":"https:\/\/ecobnb.de\/blog\/uber\/#breadcrumb"},"inLanguage":"de-DE","potentialAction":[{"@type":"ReadAction","target":["https:\/\/ecobnb.de\/blog\/uber\/"]}]},{"@type":"BreadcrumbList","@id":"https:\/\/ecobnb.de\/blog\/uber\/#breadcrumb","itemListElement":[{"@type":"ListItem","position":1,"name":"Home","item":"https:\/\/ecobnb.de\/blog\/"},{"@type":"ListItem","position":2,"name":"\u00dcber Ecobnb \u2013 Gemeinschaft f\u00fcr nachhaltigen Tourismus"}]},{"@type":"WebSite","@id":"https:\/\/ecobnb.de\/blog\/#website","url":"https:\/\/ecobnb.de\/blog\/","name":"Ecobnb","description":"Find sustainable accommodation","potentialAction":[{"@type":"SearchAction","target":{"@type":"EntryPoint","urlTemplate":"https:\/\/ecobnb.de\/blog\/?s={search_term_string}"},"query-input":"required name=search_term_string"}],"inLanguage":"de-DE"}]}},"_links":{"self":[{"href":"https:\/\/ecobnb.de\/blog\/wp-json\/wp\/v2\/pages\/54"}],"collection":[{"href":"https:\/\/ecobnb.de\/blog\/wp-json\/wp\/v2\/pages"}],"about":[{"href":"https:\/\/ecobnb.de\/blog\/wp-json\/wp\/v2\/types\/page"}],"author":[{"embeddable":true,"href":"https:\/\/ecobnb.de\/blog\/wp-json\/wp\/v2\/users\/3"}],"replies":[{"embeddable":true,"href":"https:\/\/ecobnb.de\/blog\/wp-json\/wp\/v2\/comments?post=54"}],"version-history":[{"count":11,"href":"https:\/\/ecobnb.de\/blog\/wp-json\/wp\/v2\/pages\/54\/revisions"}],"predecessor-version":[{"id":6243,"href":"https:\/\/ecobnb.de\/blog\/wp-json\/wp\/v2\/pages\/54\/revisions\/6243"}],"wp:featuredmedia":[{"embeddable":true,"href":"https:\/\/ecobnb.de\/blog\/wp-json\/wp\/v2\/media\/6128"}],"wp:attachment":[{"href":"https:\/\/ecobnb.de\/blog\/wp-json\/wp\/v2\/media?parent=54"}],"curies":[{"name":"wp","href":"https:\/\/api.w.org\/{rel}","templated":true}]}}