{"id":5721,"date":"2025-04-17T12:59:27","date_gmt":"2025-04-17T10:59:27","guid":{"rendered":"https:\/\/ecobnb.de\/blog\/?page_id=5721"},"modified":"2025-04-19T19:38:04","modified_gmt":"2025-04-19T17:38:04","slug":"saisonpreise","status":"publish","type":"page","link":"https:\/\/ecobnb.de\/blog\/saisonpreise\/","title":{"rendered":"So verwenden Sie Saisonpreise, um die Preise Ihrer Unterkunft auf Ecobnb einfach zu verwalten"},"content":{"rendered":"\n<p>Die <strong>Preisgestaltung<\/strong> deiner Unterkunft \u00fcber das ganze Jahr hinweg kann herausfordernd sein \u2013 besonders mit <strong>Haupt- und Nebensaison<\/strong>, Feiertagen, lokalen Veranstaltungen oder speziellen Wochenenden. Um dir diese Aufgabe zu erleichtern und <strong>Zeit zu sparen<\/strong>, hat Ecobnb die Funktion <strong>Saisonpreise<\/strong> entwickelt \u2013 ein intuitives Tool, mit dem du <strong>ganz einfach unterschiedliche Preise je nach Jahreszeit festlegen kannst<\/strong>.<\/p>\n\n\n\n<h2>Was ist die Funktion <em>Saisonpreise<\/em>?<\/h2>\n\n\n\n<figure class=\"wp-block-image size-large\"><img width=\"870\" height=\"490\" src=\"https:\/\/ecobnb.de\/blog\/app\/uploads\/sites\/4\/2025\/04\/Was-ist-die-Funktion-Saisonpreise-870x490.jpg\" alt=\"Was ist die Funktion Saisonpreise?\" class=\"wp-image-5725\" srcset=\"https:\/\/ecobnb.de\/blog\/app\/uploads\/sites\/4\/2025\/04\/Was-ist-die-Funktion-Saisonpreise.jpg 870w, https:\/\/ecobnb.de\/blog\/app\/uploads\/sites\/4\/2025\/04\/Was-ist-die-Funktion-Saisonpreise-536x302.jpg 536w, https:\/\/ecobnb.de\/blog\/app\/uploads\/sites\/4\/2025\/04\/Was-ist-die-Funktion-Saisonpreise-768x433.jpg 768w, https:\/\/ecobnb.de\/blog\/app\/uploads\/sites\/4\/2025\/04\/Was-ist-die-Funktion-Saisonpreise-570x320.jpg 570w, https:\/\/ecobnb.de\/blog\/app\/uploads\/sites\/4\/2025\/04\/Was-ist-die-Funktion-Saisonpreise-344x194.jpg 344w\" sizes=\"(max-width: 870px) 100vw, 870px\" \/><\/figure>\n\n\n\n<p><strong>Saisonpreise<\/strong> erm\u00f6glichen dir, individuelle Preislisten f\u00fcr <strong>verschiedene Zeiten im Jahr<\/strong> zu erstellen, die sich von deinen Standardpreisen unterscheiden.<\/p>\n\n\n\n<p>Du kannst deine Preise ganz einfach an die jeweilige Saison (Sommer, Winter, Fr\u00fchling usw.), Feiertage, verl\u00e4ngerte Wochenenden oder Events in deiner Umgebung anpassen.<\/p>\n\n\n\n<p>Jeder Saisonpreis kann folgendes beinhalten:<\/p>\n\n\n\n<ul><li>Einen <strong>erkennbaren Namen<\/strong> (z.\u202fB. \u201eHauptsaison\u201c, \u201eWeihnachten\u201c, \u201eSommer 2025\u201c)<\/li><li>Eine <strong>individuelle Farbe<\/strong>, um ihn im Kalender leicht zu erkennen<\/li><li>Einen <strong>G\u00fcltigkeitszeitraum<\/strong> (z.\u202fB. vom 1. Juli bis 31. August)<\/li><li>Die M\u00f6glichkeit, <strong>Wochenendpreise separat<\/strong> festzulegen<\/li><li>Spezifische Preise f\u00fcr jede <strong>Vermietungseinheit<\/strong><\/li><\/ul>\n\n\n\n<h2>Wie erstellt man einen Saisonpreis?<\/h2>\n\n\n\n<figure class=\"wp-block-image size-full\"><img src=\"https:\/\/ecobnb.it\/blog\/app\/uploads\/sites\/2\/2025\/04\/tariffe-stagionali-come-accedere.png\" alt=\"Gehe zu Kalender und Preise &gt; Saisonpreise, um verschiedene Preise nach Zeitraum festzulegen\" class=\"wp-image-84813\"\/><\/figure>\n\n\n\n<p>So richtest du in wenigen Schritten einen Saisonpreis auf Ecobnb ein:<\/p>\n\n\n\n<ol><li><strong>Melde dich bei deinem Gastgeberprofil<\/strong> auf Ecobnb an.<\/li><li>Gehe zu <strong>Kalender und Preise &gt; Saisonpreise<\/strong>.<\/li><li>Klicke auf <strong>\u201eSaisonpreis hinzuf\u00fcgen\u201c<\/strong>.<\/li><li><strong>Vergib einen Namen<\/strong> f\u00fcr den Preis (z.\u202fB. \u201eHauptsaison\u201c).<\/li><li><strong>W\u00e4hle eine Farbe<\/strong>, um ihn im Kalender leichter zu erkennen.<\/li><li><strong>Lege Start- und Enddatum<\/strong> des Zeitraums fest.<\/li><li>W\u00e4hle die <strong>Tage, die du als Wochenende betrachtest<\/strong> (z.\u202fB. Check-in Freitag, Check-out Sonntag).<\/li><li>Trage deine <strong>individuellen Preise<\/strong> f\u00fcr jede Vermietungseinheit ein:<ul><li>Grundpreis pro Nacht<\/li><li>Wochenendpreis<\/li><li>Preis f\u00fcr ein Zusatzbett<\/li><li>Erm\u00e4\u00dfigter Preis f\u00fcr Kinder\/Jugendliche<\/li><li>Reinigungsgeb\u00fchr<\/li><li>Mindestaufenthalt<\/li><\/ul><\/li><\/ol>\n\n\n\n<p>\u26a0\ufe0f Wenn du ein Feld leer l\u00e4sst, verwendet das System automatisch die bereits gespeicherten Standardpreise f\u00fcr diese Einheit.<\/p>\n\n\n\n<figure class=\"wp-block-image size-large\"><img src=\"https:\/\/ecobnb.it\/blog\/app\/uploads\/sites\/2\/2025\/04\/inserisci-tariffa-stagionale-870x490.png\" alt=\"Schritte zur Einrichtung eines Saisonpreises auf Ecobnb\" class=\"wp-image-84812\"\/><\/figure>\n\n\n\n<h2>Warum Saisonpreise verwenden?<\/h2>\n\n\n\n<ul><li><strong>Spar Zeit<\/strong>: Lege Preise einmal pro Zeitraum fest, der Kalender aktualisiert sich automatisch.<\/li><li><strong>Vermeide Fehler<\/strong>: Durch klare, vorab definierte Preise reduzierst du Missverst\u00e4ndnisse mit G\u00e4sten.<\/li><li><strong>Reagiere auf die Nachfrage<\/strong>: Erh\u00f6he deine Preise in stark nachgefragten Zeiten, senke sie in der Nebensaison.<\/li><li><strong>Mehr Kontrolle und Flexibilit\u00e4t<\/strong>: Du kannst Saisonpreise jederzeit hinzuf\u00fcgen, \u00e4ndern oder l\u00f6schen.<\/li><\/ul>\n\n\n\n<figure class=\"wp-block-image size-large\"><img width=\"870\" height=\"490\" src=\"https:\/\/ecobnb.de\/blog\/app\/uploads\/sites\/4\/2025\/04\/Warum-Saisonpreise-verwenden-870x490.jpg\" alt=\"Warum Saisonpreise verwenden?\" class=\"wp-image-5724\" srcset=\"https:\/\/ecobnb.de\/blog\/app\/uploads\/sites\/4\/2025\/04\/Warum-Saisonpreise-verwenden.jpg 870w, https:\/\/ecobnb.de\/blog\/app\/uploads\/sites\/4\/2025\/04\/Warum-Saisonpreise-verwenden-536x302.jpg 536w, https:\/\/ecobnb.de\/blog\/app\/uploads\/sites\/4\/2025\/04\/Warum-Saisonpreise-verwenden-768x433.jpg 768w, https:\/\/ecobnb.de\/blog\/app\/uploads\/sites\/4\/2025\/04\/Warum-Saisonpreise-verwenden-570x320.jpg 570w, https:\/\/ecobnb.de\/blog\/app\/uploads\/sites\/4\/2025\/04\/Warum-Saisonpreise-verwenden-344x194.jpg 344w\" sizes=\"(max-width: 870px) 100vw, 870px\" \/><\/figure>\n\n\n\n<h2>Starte jetzt!<\/h2>\n\n\n\n<p><a href=\"https:\/\/ecobnb.it\/login\" target=\"_blank\" rel=\"noreferrer noopener\">Melde dich in deinem Ecobnb-Konto an<\/a> und erstelle deinen ersten <strong>Saisonpreis<\/strong>: In nur wenigen Minuten kannst du deinen Kalender optimieren und deinen G\u00e4sten <strong>klare und aktuelle Preise<\/strong> bieten. <strong>Ein entscheidender Schritt, um <a href=\"https:\/\/ecobnb.it\/blog\/2024\/05\/consigli-migliorare-visibilita-aumentare-prenotazioni-struttura\/\" target=\"_blank\" rel=\"noreferrer noopener\">die Sichtbarkeit deiner Unterkunft auf Ecobnb zu erh\u00f6hen und mehr Buchungen zu erhalten<\/a><\/strong>.<\/p>\n\n\n\n<p>Brauchst du Hilfe? Unser Team steht dir jederzeit zur Verf\u00fcgung!<\/p>\n","protected":false},"excerpt":{"rendered":"<p>Die Preisgestaltung deiner Unterkunft \u00fcber das ganze Jahr hinweg kann herausfordernd sein \u2013 besonders mit Haupt- und Nebensaison, Feiertagen, lokalen Veranstaltungen oder speziellen Wochenenden. Um dir diese Aufgabe zu erleichtern und Zeit zu sparen, hat Ecobnb die Funktion Saisonpreise entwickelt \u2013 ein intuitives Tool, mit dem du ganz einfach unterschiedliche Preise je nach Jahreszeit festlegen [&hellip;]<\/p>\n","protected":false},"author":3,"featured_media":5723,"parent":0,"menu_order":0,"comment_status":"closed","ping_status":"closed","template":"","meta":[],"acf":[],"yoast_head":"<!-- This site is optimized with the Yoast SEO plugin v19.9 - https:\/\/yoast.com\/wordpress\/plugins\/seo\/ -->\n<title>Saisonpreise: So verwalten Sie saisonale Preise \u2013 Ecobnb<\/title>\n<meta name=\"description\" content=\"Legen Sie mit Saisonpreisen flexibel Hoch - und Nebensaison - Tarife fest \u2013 einfach im Kalender verwalten.\" \/>\n<meta name=\"robots\" content=\"index, follow, max-snippet:-1, max-image-preview:large, max-video-preview:-1\" \/>\n<link rel=\"canonical\" href=\"https:\/\/ecobnb.de\/blog\/saisonpreise\/\" \/>\n<meta property=\"og:locale\" content=\"de_DE\" \/>\n<meta property=\"og:type\" content=\"article\" \/>\n<meta property=\"og:title\" content=\"Saisonpreise: So verwalten Sie saisonale Preise \u2013 Ecobnb\" \/>\n<meta property=\"og:description\" content=\"Legen Sie mit Saisonpreisen flexibel Hoch - und Nebensaison - Tarife fest \u2013 einfach im Kalender verwalten.\" \/>\n<meta property=\"og:url\" content=\"https:\/\/ecobnb.de\/blog\/saisonpreise\/\" \/>\n<meta property=\"og:site_name\" content=\"Ecobnb\" \/>\n<meta property=\"article:modified_time\" content=\"2025-04-19T17:38:04+00:00\" \/>\n<meta property=\"og:image\" content=\"https:\/\/ecobnb.de\/blog\/app\/uploads\/sites\/4\/2025\/04\/Come-Creare-le-Tariffe-Stagionali-su-Ecobnb.jpg\" \/>\n\t<meta property=\"og:image:width\" content=\"1170\" \/>\n\t<meta property=\"og:image:height\" content=\"490\" \/>\n\t<meta property=\"og:image:type\" content=\"image\/jpeg\" \/>\n<meta name=\"twitter:card\" content=\"summary_large_image\" \/>\n<meta name=\"twitter:label1\" content=\"Est. reading time\" \/>\n\t<meta name=\"twitter:data1\" content=\"3 minutes\" \/>\n<!-- \/ Yoast SEO plugin. -->","yoast_head_json":{"title":"Saisonpreise: So verwalten Sie saisonale Preise \u2013 Ecobnb","description":"Legen Sie mit Saisonpreisen flexibel Hoch - und Nebensaison - Tarife fest \u2013 einfach im Kalender verwalten.","robots":{"index":"index","follow":"follow","max-snippet":"max-snippet:-1","max-image-preview":"max-image-preview:large","max-video-preview":"max-video-preview:-1"},"canonical":"https:\/\/ecobnb.de\/blog\/saisonpreise\/","og_locale":"de_DE","og_type":"article","og_title":"Saisonpreise: So verwalten Sie saisonale Preise \u2013 Ecobnb","og_description":"Legen Sie mit Saisonpreisen flexibel Hoch - und Nebensaison - Tarife fest \u2013 einfach im Kalender verwalten.","og_url":"https:\/\/ecobnb.de\/blog\/saisonpreise\/","og_site_name":"Ecobnb","article_modified_time":"2025-04-19T17:38:04+00:00","og_image":[{"width":1170,"height":490,"url":"https:\/\/ecobnb.de\/blog\/app\/uploads\/sites\/4\/2025\/04\/Come-Creare-le-Tariffe-Stagionali-su-Ecobnb.jpg","type":"image\/jpeg"}],"twitter_card":"summary_large_image","twitter_misc":{"Est. reading time":"3 minutes"},"schema":{"@context":"https:\/\/schema.org","@graph":[{"@type":"WebPage","@id":"https:\/\/ecobnb.de\/blog\/saisonpreise\/","url":"https:\/\/ecobnb.de\/blog\/saisonpreise\/","name":"Saisonpreise: So verwalten Sie saisonale Preise \u2013 Ecobnb","isPartOf":{"@id":"https:\/\/ecobnb.de\/blog\/#website"},"datePublished":"2025-04-17T10:59:27+00:00","dateModified":"2025-04-19T17:38:04+00:00","description":"Legen Sie mit Saisonpreisen flexibel Hoch - und Nebensaison - Tarife fest \u2013 einfach im Kalender verwalten.","breadcrumb":{"@id":"https:\/\/ecobnb.de\/blog\/saisonpreise\/#breadcrumb"},"inLanguage":"de-DE","potentialAction":[{"@type":"ReadAction","target":["https:\/\/ecobnb.de\/blog\/saisonpreise\/"]}]},{"@type":"BreadcrumbList","@id":"https:\/\/ecobnb.de\/blog\/saisonpreise\/#breadcrumb","itemListElement":[{"@type":"ListItem","position":1,"name":"Home","item":"https:\/\/ecobnb.de\/blog\/"},{"@type":"ListItem","position":2,"name":"So verwenden Sie Saisonpreise, um die Preise Ihrer Unterkunft auf Ecobnb einfach zu verwalten"}]},{"@type":"WebSite","@id":"https:\/\/ecobnb.de\/blog\/#website","url":"https:\/\/ecobnb.de\/blog\/","name":"Ecobnb","description":"Find sustainable accommodation","potentialAction":[{"@type":"SearchAction","target":{"@type":"EntryPoint","urlTemplate":"https:\/\/ecobnb.de\/blog\/?s={search_term_string}"},"query-input":"required name=search_term_string"}],"inLanguage":"de-DE"}]}},"_links":{"self":[{"href":"https:\/\/ecobnb.de\/blog\/wp-json\/wp\/v2\/pages\/5721"}],"collection":[{"href":"https:\/\/ecobnb.de\/blog\/wp-json\/wp\/v2\/pages"}],"about":[{"href":"https:\/\/ecobnb.de\/blog\/wp-json\/wp\/v2\/types\/page"}],"author":[{"embeddable":true,"href":"https:\/\/ecobnb.de\/blog\/wp-json\/wp\/v2\/users\/3"}],"replies":[{"embeddable":true,"href":"https:\/\/ecobnb.de\/blog\/wp-json\/wp\/v2\/comments?post=5721"}],"version-history":[{"count":2,"href":"https:\/\/ecobnb.de\/blog\/wp-json\/wp\/v2\/pages\/5721\/revisions"}],"predecessor-version":[{"id":5726,"href":"https:\/\/ecobnb.de\/blog\/wp-json\/wp\/v2\/pages\/5721\/revisions\/5726"}],"wp:featuredmedia":[{"embeddable":true,"href":"https:\/\/ecobnb.de\/blog\/wp-json\/wp\/v2\/media\/5723"}],"wp:attachment":[{"href":"https:\/\/ecobnb.de\/blog\/wp-json\/wp\/v2\/media?parent=5721"}],"curies":[{"name":"wp","href":"https:\/\/api.w.org\/{rel}","templated":true}]}}