{"id":6677,"date":"2026-02-28T17:15:27","date_gmt":"2026-02-28T16:15:27","guid":{"rendered":"https:\/\/ecobnb.de\/blog\/?page_id=6677"},"modified":"2026-02-28T17:51:23","modified_gmt":"2026-02-28T16:51:23","slug":"impressum","status":"publish","type":"page","link":"https:\/\/ecobnb.de\/blog\/impressum\/","title":{"rendered":"Impressum"},"content":{"rendered":"\n<h3>Angaben gem\u00e4\u00df \u00a7 5 TMG<\/h3>\n\n\n\n<p><strong>Firma:<\/strong><br>Ecobnb S.r.l.<\/p>\n\n\n\n<p><strong>Sitz der Gesellschaft:<\/strong><br>Piazza San Marco, 11<br>38068 Rovereto (TN)<br>Italien<\/p>\n\n\n\n<p><strong>Vertreten durch:<\/strong><br>Simone Riccardi<\/p>\n\n\n\n<p><strong>Kontakt:<\/strong><br>E-Mail: <a href=\"info@ecobnb.com\" target=\"_blank\" rel=\"noreferrer noopener\">info@ecobnb.com<\/a><\/p>\n\n\n\n<p><strong>Umsatzsteuer-Identifikationsnummer gem\u00e4\u00df \u00a727 a Umsatzsteuergesetz:<\/strong><br>IT 02342300221<\/p>\n\n\n\n<h3>Verantwortlich f\u00fcr den Inhalt nach \u00a7 55 Abs. 2 RStV<\/h3>\n\n\n\n<p>Simone Riccardi<br>Piazza San Marco, 11<br>38068 Rovereto (TN)<br>Italien<\/p>\n\n\n\n<h3>Haftung f\u00fcr Inhalte<\/h3>\n\n\n\n<p>Die Inhalte unserer Website wurden mit gr\u00f6\u00dfter Sorgfalt erstellt. Dennoch \u00fcbernehmen wir keine Haftung oder Garantie f\u00fcr die Richtigkeit, Vollst\u00e4ndigkeit und Aktualit\u00e4t der bereitgestellten Informationen. \u00c4nderungen und Erg\u00e4nzungen der Inhalte bleiben vorbehalten.<\/p>\n\n\n\n<p>F\u00fcr Inhalte externer Links \u00fcbernehmen wir ebenfalls keine Verantwortung. F\u00fcr den Inhalt der verlinkten Seiten sind ausschlie\u00dflich deren Betreiber verantwortlich.<\/p>\n\n\n\n<p>Jegliche Nutzung der Inhalte erfolgt auf eigenes Risiko. Wir schlie\u00dfen jede Haftung f\u00fcr Sch\u00e4den aus, die direkt oder indirekt aus der Nutzung unserer Website entstehen, soweit dies gesetzlich zul\u00e4ssig ist.<\/p>\n\n\n\n<p>Weitere rechtliche Hinweise finden Sie in unseren <a href=\"https:\/\/ecobnb.de\/blog\/terms\/\" target=\"_blank\" rel=\"noreferrer noopener\">Allgemeinen Gesch\u00e4ftsbedingungen<\/a>.<\/p>\n\n\n\n<h3>EU-Streitschlichtung<\/h3>\n\n\n\n<p>Die Europ\u00e4ische Kommission stellt eine Plattform zur Online-Streitbeilegung (OS) bereit: <a href=\"https:\/\/ec.europa.eu\/consumers\/odr\/\" target=\"_blank\" rel=\"noreferrer noopener\">https:\/\/ec.europa.eu\/consumers\/odr\/<\/a><\/p>\n","protected":false},"excerpt":{"rendered":"<p>Angaben gem\u00e4\u00df \u00a7 5 TMG Firma:Ecobnb S.r.l. Sitz der Gesellschaft:Piazza San Marco, 1138068 Rovereto (TN)Italien Vertreten durch:Simone Riccardi Kontakt:E-Mail: info@ecobnb.com Umsatzsteuer-Identifikationsnummer gem\u00e4\u00df \u00a727 a Umsatzsteuergesetz:IT 02342300221 Verantwortlich f\u00fcr den Inhalt nach \u00a7 55 Abs. 2 RStV Simone RiccardiPiazza San Marco, 1138068 Rovereto (TN)Italien Haftung f\u00fcr Inhalte Die Inhalte unserer Website wurden mit gr\u00f6\u00dfter Sorgfalt erstellt. [&hellip;]<\/p>\n","protected":false},"author":42,"featured_media":6681,"parent":0,"menu_order":0,"comment_status":"closed","ping_status":"closed","template":"","meta":[],"acf":[],"yoast_head":"<!-- This site is optimized with the Yoast SEO plugin v19.9 - https:\/\/yoast.com\/wordpress\/plugins\/seo\/ -->\n<title>Impressum \u2013 Ecobnb | Nachhaltiger Urlaub und Ferienunterk\u00fcnfte<\/title>\n<meta name=\"description\" content=\"Impressum von Ecobnb: Rechtliche Infos, Adresse, E-Mail, Umsatzsteuer-ID und Verantwortlicher f\u00fcr Inhalte.\" \/>\n<meta name=\"robots\" content=\"index, follow, max-snippet:-1, max-image-preview:large, max-video-preview:-1\" \/>\n<link rel=\"canonical\" href=\"https:\/\/ecobnb.de\/blog\/impressum\/\" \/>\n<meta property=\"og:locale\" content=\"de_DE\" \/>\n<meta property=\"og:type\" content=\"article\" \/>\n<meta property=\"og:title\" content=\"Impressum \u2013 Ecobnb | Nachhaltiger Urlaub und Ferienunterk\u00fcnfte\" \/>\n<meta property=\"og:description\" content=\"Impressum von Ecobnb: Rechtliche Infos, Adresse, E-Mail, Umsatzsteuer-ID und Verantwortlicher f\u00fcr Inhalte.\" \/>\n<meta property=\"og:url\" content=\"https:\/\/ecobnb.de\/blog\/impressum\/\" \/>\n<meta property=\"og:site_name\" content=\"Ecobnb\" \/>\n<meta property=\"article:modified_time\" content=\"2026-02-28T16:51:23+00:00\" \/>\n<meta property=\"og:image\" content=\"https:\/\/ecobnb.de\/blog\/app\/uploads\/sites\/4\/2026\/02\/impressum-Ecobnb.png\" \/>\n\t<meta property=\"og:image:width\" content=\"1170\" \/>\n\t<meta property=\"og:image:height\" content=\"490\" \/>\n\t<meta property=\"og:image:type\" content=\"image\/png\" \/>\n<meta name=\"twitter:card\" content=\"summary_large_image\" \/>\n<meta name=\"twitter:label1\" content=\"Est. reading time\" \/>\n\t<meta name=\"twitter:data1\" content=\"1 minute\" \/>\n<!-- \/ Yoast SEO plugin. -->","yoast_head_json":{"title":"Impressum \u2013 Ecobnb | Nachhaltiger Urlaub und Ferienunterk\u00fcnfte","description":"Impressum von Ecobnb: Rechtliche Infos, Adresse, E-Mail, Umsatzsteuer-ID und Verantwortlicher f\u00fcr Inhalte.","robots":{"index":"index","follow":"follow","max-snippet":"max-snippet:-1","max-image-preview":"max-image-preview:large","max-video-preview":"max-video-preview:-1"},"canonical":"https:\/\/ecobnb.de\/blog\/impressum\/","og_locale":"de_DE","og_type":"article","og_title":"Impressum \u2013 Ecobnb | Nachhaltiger Urlaub und Ferienunterk\u00fcnfte","og_description":"Impressum von Ecobnb: Rechtliche Infos, Adresse, E-Mail, Umsatzsteuer-ID und Verantwortlicher f\u00fcr Inhalte.","og_url":"https:\/\/ecobnb.de\/blog\/impressum\/","og_site_name":"Ecobnb","article_modified_time":"2026-02-28T16:51:23+00:00","og_image":[{"width":1170,"height":490,"url":"https:\/\/ecobnb.de\/blog\/app\/uploads\/sites\/4\/2026\/02\/impressum-Ecobnb.png","type":"image\/png"}],"twitter_card":"summary_large_image","twitter_misc":{"Est. reading time":"1 minute"},"schema":{"@context":"https:\/\/schema.org","@graph":[{"@type":"WebPage","@id":"https:\/\/ecobnb.de\/blog\/impressum\/","url":"https:\/\/ecobnb.de\/blog\/impressum\/","name":"Impressum \u2013 Ecobnb | Nachhaltiger Urlaub und Ferienunterk\u00fcnfte","isPartOf":{"@id":"https:\/\/ecobnb.de\/blog\/#website"},"datePublished":"2026-02-28T16:15:27+00:00","dateModified":"2026-02-28T16:51:23+00:00","description":"Impressum von Ecobnb: Rechtliche Infos, Adresse, E-Mail, Umsatzsteuer-ID und Verantwortlicher f\u00fcr Inhalte.","breadcrumb":{"@id":"https:\/\/ecobnb.de\/blog\/impressum\/#breadcrumb"},"inLanguage":"de-DE","potentialAction":[{"@type":"ReadAction","target":["https:\/\/ecobnb.de\/blog\/impressum\/"]}]},{"@type":"BreadcrumbList","@id":"https:\/\/ecobnb.de\/blog\/impressum\/#breadcrumb","itemListElement":[{"@type":"ListItem","position":1,"name":"Home","item":"https:\/\/ecobnb.de\/blog\/"},{"@type":"ListItem","position":2,"name":"Impressum"}]},{"@type":"WebSite","@id":"https:\/\/ecobnb.de\/blog\/#website","url":"https:\/\/ecobnb.de\/blog\/","name":"Ecobnb","description":"Find sustainable accommodation","potentialAction":[{"@type":"SearchAction","target":{"@type":"EntryPoint","urlTemplate":"https:\/\/ecobnb.de\/blog\/?s={search_term_string}"},"query-input":"required name=search_term_string"}],"inLanguage":"de-DE"}]}},"_links":{"self":[{"href":"https:\/\/ecobnb.de\/blog\/wp-json\/wp\/v2\/pages\/6677"}],"collection":[{"href":"https:\/\/ecobnb.de\/blog\/wp-json\/wp\/v2\/pages"}],"about":[{"href":"https:\/\/ecobnb.de\/blog\/wp-json\/wp\/v2\/types\/page"}],"author":[{"embeddable":true,"href":"https:\/\/ecobnb.de\/blog\/wp-json\/wp\/v2\/users\/42"}],"replies":[{"embeddable":true,"href":"https:\/\/ecobnb.de\/blog\/wp-json\/wp\/v2\/comments?post=6677"}],"version-history":[{"count":5,"href":"https:\/\/ecobnb.de\/blog\/wp-json\/wp\/v2\/pages\/6677\/revisions"}],"predecessor-version":[{"id":6690,"href":"https:\/\/ecobnb.de\/blog\/wp-json\/wp\/v2\/pages\/6677\/revisions\/6690"}],"wp:featuredmedia":[{"embeddable":true,"href":"https:\/\/ecobnb.de\/blog\/wp-json\/wp\/v2\/media\/6681"}],"wp:attachment":[{"href":"https:\/\/ecobnb.de\/blog\/wp-json\/wp\/v2\/media?parent=6677"}],"curies":[{"name":"wp","href":"https:\/\/api.w.org\/{rel}","templated":true}]}}