{"id":8,"date":"2015-10-05T11:21:21","date_gmt":"2015-10-05T09:21:21","guid":{"rendered":"https:\/\/ecobnb.de\/blog\/?page_id=8"},"modified":"2015-10-05T14:06:13","modified_gmt":"2015-10-05T12:06:13","slug":"teilen-sie-ihr-grunes-reiseabenteuer","status":"publish","type":"page","link":"https:\/\/ecobnb.de\/blog\/teilen-sie-ihr-grunes-reiseabenteuer\/","title":{"rendered":"Teilen Sie Ihr gr\u00fcnes Reiseabenteuer"},"content":{"rendered":"<h2><strong>Helfen Sie mit Ihren Reiseerfahrungen, nachhaltige und verantwortungsvolle Reiserouten in Europa zu erstellen und gewinnen Sie ein Wochenende f\u00fcr 2 Personen<\/strong><\/h2>\n<p><strong>Teilen Sie Ihr gr\u00fcnes Reiseabenteuer! \u00a0<\/strong>Der Wettbewerb von Ecobnb.com findet erstmals im Rahmen des <strong>Festivals f\u00fcr nachhaltigen Tourismus IT.A.CA <\/strong>statt. Der Wettbewerb ist Teil des Projekts EcoDots, in dem neben der Touristeninformation Parma und dem Koordinator Le Citt\u00e0 Invisibili (Italien) weitere private und \u00f6ffentliche Partner dabei sind: Serbisches Tourismusministerium, EcoDev (Serbien), <strong>Kate \u2013 Umwelt &amp; Entwicklung (Deutschland)<\/strong>, Josef Stefan Institut (Slowenien), GH Calabria (Italien), ISIS (Italien).<\/p>\n<p>Das Ziel des Projekts ist die Entwicklung einer neuen Web-Plattform (<a href=\"https:\/\/ecobnb.de\" target=\"_blank\">Ecobnb<\/a>), die den nachhaltigen Tourismus in Europa durch Vernetzung umweltfreundlicher Unterk\u00fcnfte und Reistouren mit qualit\u00e4tsorientierten Reisenden f\u00f6rdern soll.<\/p>\n<p>Der Grund des Wettbewerbs ist die Identifizierung und Aufnahme von Unterk\u00fcnften und Reiserouten in Europa mithilfe der <strong>Berichte<\/strong>, <strong>Fotos<\/strong> und Videos der Teilnehmer. Mithilfe der Erfahrungen bewusster und nachhaltigkeitsorientierter Reisender soll der Wettbewerb dazu beitragen, nachhaltige und authentische Urlaubsmodelle mit klaren Nachhaltigkeitsstandards zu f\u00f6rdern.<\/p>\n<p>Die Teilnehmer k\u00f6nnen zwischen <strong>zwei Bereichen w\u00e4hlen<\/strong>: <strong>Reiserouten<\/strong> (Wandern, Radtouren, Pferdetouren, etc.) oder <strong>\u00d6ko-Unterk\u00fcnfte<\/strong> wie Bed &amp; Breakfasts, Bungalows, Pensionen, etc., die noch nicht auf <a href=\"https:\/\/ecobnb.de\/\" target=\"_blank\">ecobnb.com<\/a> gef\u00fchrt werden. F\u00fcr beide Bereiche muss ein schriftlicher Vorschlag mit detaillierten Informationen und Fotos und\/oder Videos eingereicht werden. Vorschl\u00e4ge k\u00f6nnen bis <strong>zum 30. Oktober\u00a02015<\/strong> eingereicht werden.<\/p>\n<p>Die zwei besten Vorschl\u00e4ge, die von einer Jury aus Journalisten, Bloggern, Mitgliedern und Partnern von Ecobnb und IT.A.CA ausgew\u00e4hlt werden, werden in einem frei verf\u00fcgbaren eBook dargestellt und die Verfasser gewinnen ein <strong>freies Wochenende f\u00fcr zwei Personen<\/strong> in einer nachhaltigen ecobnb-Unterkunft.<\/p>\n<h4><a href=\"https:\/\/translate.google.it\/translate?sl=it&amp;tl=de&amp;js=y&amp;prev=_t&amp;hl=en&amp;ie=UTF-8&amp;u=https%3A%2F%2Fdocs.google.com%2Fforms%2Fd%2F1XLt5HM2hmPWpFDz5EbEiM0xTwXblTmixn6jFeJQSSW4%2Fviewform%3Fc%3D0%26w%3D1&amp;edit-text=\" target=\"_blank\">Teilen Sie Ihr gr\u00fcnes Reiseabenteuer<\/a><\/h4>\n<div id=\"attachment_23\" class=\"thumbnail alignnone\"><a href=\"https:\/\/ecobnb.de\/IT-barletta-andria-trani\/farm-house\/lama-di-luna\/1dQBM\"><img class=\"wp-image-23 size-large\" src=\"https:\/\/ecobnb.de\/blog\/app\/uploads\/sites\/4\/2015\/10\/Biomasseria_Lama_di_Luna_Andria-870x490.jpg\" alt=\"Organic Farm Lama di Luna, Andria, Italien\" width=\"870\" height=\"490\" srcset=\"https:\/\/ecobnb.de\/blog\/app\/uploads\/sites\/4\/2015\/10\/Biomasseria_Lama_di_Luna_Andria-870x490.jpg 870w, https:\/\/ecobnb.de\/blog\/app\/uploads\/sites\/4\/2015\/10\/Biomasseria_Lama_di_Luna_Andria-570x320.jpg 570w\" sizes=\"(max-width: 870px) 100vw, 870px\" \/><\/a><div class=\"caption\">Organic Farm Lama di Luna, Andria, Italien<\/div><\/div>\n<h2>Themen des Wettbewerbs und Vorgehen<\/h2>\n<p>Der Wettbewerb ist offen f\u00fcr Autoren von Originalwerken, die in Wort, Bild oder Video von Erfahrungen mit weniger bekanntem nachhaltigem \u00d6kotourismus erz\u00e4hlen. Insbesondere k\u00f6nnen Sie aus einem der folgenden Themen ausw\u00e4hlen:<\/p>\n<p>1 \u2013 <strong>eine Route<\/strong>, die f\u00fcr Sie mit Emotionen verbunden war (Wandern oder Radfahren, Segeln oder Pferde- oder Eselkutschfahrten);<\/p>\n<p>2 \u2013 <strong>eine nachhaltige Unterkunft<\/strong> (eine kleine \u00d6ko-Pension, ein \u00d6ko-Bauernhof, ein Baumhaus oder eine klimaneutrale Unterkunft), die noch nicht auf www.ecobnb.com verzeichnet ist.<\/p>\n<p>Wer teilnehmen m\u00f6chte, kann das\u00a0<strong><a href=\"https:\/\/ecobnb.com\/blog\/app\/uploads\/sites\/3\/2015\/03\/Application-form-contest-ger.pdf\">Bewerbungsformular<\/a><\/strong>\u00a0herunterladen.<\/p>\n<h2><a href=\"https:\/\/translate.google.it\/translate?sl=it&amp;tl=de&amp;js=y&amp;prev=_t&amp;hl=en&amp;ie=UTF-8&amp;u=https%3A%2F%2Fdocs.google.com%2Fforms%2Fd%2F1XLt5HM2hmPWpFDz5EbEiM0xTwXblTmixn6jFeJQSSW4%2Fviewform%3Fc%3D0%26w%3D1&amp;edit-text=\" target=\"_blank\">Teilen Sie Ihr gr\u00fcnes Reiseabenteuer<\/a><\/h2>\n<p>Es muss ausgef\u00fcllt und zusammen mit dem Werk an <strong>contest@ecobnb.com<\/strong> geschickt werden, mit dem Betreff &#8222;Teilen Sie Ihr \u00d6ko-Abenteuer\u201d.<\/p>\n<p><strong>Beitr\u00e4ge k\u00f6nnen bis 30. Oktober 2015, 24.00 Uhr eingereicht werden.<\/strong><\/p>\n<h2>Prizes<\/h2>\n<p>F\u00fcr die beiden besten Beitr\u00e4ge gibt es als Gewinn ein kostenloses <strong>Wochenende f\u00fcr zwei Personen in Italien.<\/strong><\/p>\n\n\t\t<style type=\"text\/css\">\n\t\t\t#gallery-1 {\n\t\t\t\tmargin: auto;\n\t\t\t}\n\t\t\t#gallery-1 .gallery-item {\n\t\t\t\tfloat: left;\n\t\t\t\tmargin-top: 10px;\n\t\t\t\ttext-align: center;\n\t\t\t\twidth: 33%;\n\t\t\t}\n\t\t\t#gallery-1 img {\n\t\t\t\tborder: 2px solid #cfcfcf;\n\t\t\t}\n\t\t\t#gallery-1 .gallery-caption {\n\t\t\t\tmargin-left: 0;\n\t\t\t}\n\t\t\t\/* see gallery_shortcode() in wp-includes\/media.php *\/\n\t\t<\/style>\n\t\t<div id='gallery-1' class='gallery galleryid-8 gallery-columns-3 gallery-size-thumbnail'><dl class='gallery-item'>\n\t\t\t<dt class='gallery-icon landscape'>\n\t\t\t\t<a href='https:\/\/ecobnb.de\/blog\/teilen-sie-ihr-grunes-reiseabenteuer\/sony-dsc\/#main'><img width=\"270\" height=\"200\" src=\"https:\/\/ecobnb.de\/blog\/app\/uploads\/sites\/4\/2015\/10\/mare-spiaggia-diano-marina-riccardo-bandiera-270x200.jpg\" class=\"attachment-thumbnail size-thumbnail\" alt=\"Meer in Ligurien, Diano Marina, Imperia\" aria-describedby=\"gallery-1-15\" \/><\/a>\n\t\t\t<\/dt>\n\t\t\t\t<dd class='wp-caption-text gallery-caption' id='gallery-1-15'>\n\t\t\t\tMeer in Ligurien, Diano Marina, Imperia\n\t\t\t\t<\/dd><\/dl><dl class='gallery-item'>\n\t\t\t<dt class='gallery-icon landscape'>\n\t\t\t\t<a href='https:\/\/ecobnb.de\/blog\/teilen-sie-ihr-grunes-reiseabenteuer\/angoli-che-sembrano-provenza\/#main'><img width=\"270\" height=\"200\" src=\"https:\/\/ecobnb.de\/blog\/app\/uploads\/sites\/4\/2015\/10\/Angoli-che-sembrano-Provenza-270x200.jpeg\" class=\"attachment-thumbnail size-thumbnail\" alt=\"Diano Green, eine umweltfreundliche G\u00e4stehaus in Diano Marina, LIgurien, Italien\" aria-describedby=\"gallery-1-9\" srcset=\"https:\/\/ecobnb.de\/blog\/app\/uploads\/sites\/4\/2015\/10\/Angoli-che-sembrano-Provenza-270x200.jpeg 270w, https:\/\/ecobnb.de\/blog\/app\/uploads\/sites\/4\/2015\/10\/Angoli-che-sembrano-Provenza-536x400.jpeg 536w\" sizes=\"(max-width: 270px) 100vw, 270px\" \/><\/a>\n\t\t\t<\/dt>\n\t\t\t\t<dd class='wp-caption-text gallery-caption' id='gallery-1-9'>\n\t\t\t\tDiano Green, eine umweltfreundliche G\u00e4stehaus in Diano Marina, LIgurien, Italien\n\t\t\t\t<\/dd><\/dl><dl class='gallery-item'>\n\t\t\t<dt class='gallery-icon landscape'>\n\t\t\t\t<a href='https:\/\/ecobnb.de\/blog\/teilen-sie-ihr-grunes-reiseabenteuer\/dianogreen\/#main'><img width=\"270\" height=\"200\" src=\"https:\/\/ecobnb.de\/blog\/app\/uploads\/sites\/4\/2015\/10\/DianoGreen-270x200.jpeg\" class=\"attachment-thumbnail size-thumbnail\" alt=\"Diano Green, eine umweltfreundliche G\u00e4stehaus in Diano Marina, LIgurien, Italien\" aria-describedby=\"gallery-1-12\" srcset=\"https:\/\/ecobnb.de\/blog\/app\/uploads\/sites\/4\/2015\/10\/DianoGreen-270x200.jpeg 270w, https:\/\/ecobnb.de\/blog\/app\/uploads\/sites\/4\/2015\/10\/DianoGreen-536x400.jpeg 536w\" sizes=\"(max-width: 270px) 100vw, 270px\" \/><\/a>\n\t\t\t<\/dt>\n\t\t\t\t<dd class='wp-caption-text gallery-caption' id='gallery-1-12'>\n\t\t\t\tDiano Green, LIgurien, Italien\n\t\t\t\t<\/dd><\/dl><br style=\"clear: both\" \/><dl class='gallery-item'>\n\t\t\t<dt class='gallery-icon landscape'>\n\t\t\t\t<a href='https:\/\/ecobnb.de\/blog\/teilen-sie-ihr-grunes-reiseabenteuer\/valtaro-zuccone-da-case-malatesta\/#main'><img width=\"270\" height=\"200\" src=\"https:\/\/ecobnb.de\/blog\/app\/uploads\/sites\/4\/2015\/10\/valtaro-zuccone-da-case-malatesta-270x200.jpg\" class=\"attachment-thumbnail size-thumbnail\" alt=\"Val di Taro, Parma Apennin\" aria-describedby=\"gallery-1-18\" \/><\/a>\n\t\t\t<\/dt>\n\t\t\t\t<dd class='wp-caption-text gallery-caption' id='gallery-1-18'>\n\t\t\t\tVal di Taro, Parma Apennin\n\t\t\t\t<\/dd><\/dl><dl class='gallery-item'>\n\t\t\t<dt class='gallery-icon landscape'>\n\t\t\t\t<a href='https:\/\/ecobnb.de\/blog\/teilen-sie-ihr-grunes-reiseabenteuer\/castello-di-compiano-valtaro-gian-marco-tedaldi\/#main'><img width=\"270\" height=\"200\" src=\"https:\/\/ecobnb.de\/blog\/app\/uploads\/sites\/4\/2015\/10\/Castello-di-Compiano-Valtaro-Gian-Marco-Tedaldi-270x200.jpg\" class=\"attachment-thumbnail size-thumbnail\" alt=\"Compiano Castle, emilianischen Apennin\" aria-describedby=\"gallery-1-11\" \/><\/a>\n\t\t\t<\/dt>\n\t\t\t\t<dd class='wp-caption-text gallery-caption' id='gallery-1-11'>\n\t\t\t\tCompiano Castle, emilianischen Apennin\n\t\t\t\t<\/dd><\/dl><dl class='gallery-item'>\n\t\t\t<dt class='gallery-icon landscape'>\n\t\t\t\t<a href='https:\/\/ecobnb.de\/blog\/teilen-sie-ihr-grunes-reiseabenteuer\/fungo-porcino\/#main'><img width=\"270\" height=\"200\" src=\"https:\/\/ecobnb.de\/blog\/app\/uploads\/sites\/4\/2015\/10\/fungo-porcino-270x200.jpeg\" class=\"attachment-thumbnail size-thumbnail\" alt=\"\" aria-describedby=\"gallery-1-16\" \/><\/a>\n\t\t\t<\/dt>\n\t\t\t\t<dd class='wp-caption-text gallery-caption' id='gallery-1-16'>\n\t\t\t\tPorcini\n\t\t\t\t<\/dd><\/dl><br style=\"clear: both\" \/><dl class='gallery-item'>\n\t\t\t<dt class='gallery-icon landscape'>\n\t\t\t\t<a href='https:\/\/ecobnb.de\/blog\/teilen-sie-ihr-grunes-reiseabenteuer\/bed-and-breakfast-corte-di-woody\/#main'><img width=\"270\" height=\"200\" src=\"https:\/\/ecobnb.de\/blog\/app\/uploads\/sites\/4\/2015\/10\/bed-and-breakfast-corte-di-woody-270x200.jpg\" class=\"attachment-thumbnail size-thumbnail\" alt=\"La Corte di Woodly, Eine umweltfreundliche G\u00e4stehaus in Lesignano de Bagni, Parma, Italien\" aria-describedby=\"gallery-1-10\" \/><\/a>\n\t\t\t<\/dt>\n\t\t\t\t<dd class='wp-caption-text gallery-caption' id='gallery-1-10'>\n\t\t\t\tLa Corte di Woodly, Eine umweltfreundliche G\u00e4stehaus in Lesignano de Bagni, Parma\n\t\t\t\t<\/dd><\/dl><dl class='gallery-item'>\n\t\t\t<dt class='gallery-icon landscape'>\n\t\t\t\t<a href='https:\/\/ecobnb.de\/blog\/teilen-sie-ihr-grunes-reiseabenteuer\/hills-of-light-daniele-bellucci\/#main'><img width=\"270\" height=\"200\" src=\"https:\/\/ecobnb.de\/blog\/app\/uploads\/sites\/4\/2015\/10\/Hills-of-Light-Daniele-Bellucci-270x200.jpg\" class=\"attachment-thumbnail size-thumbnail\" alt=\"H\u00fcgeln von Parma, Italien\" aria-describedby=\"gallery-1-14\" \/><\/a>\n\t\t\t<\/dt>\n\t\t\t\t<dd class='wp-caption-text gallery-caption' id='gallery-1-14'>\n\t\t\t\tH\u00fcgeln von Parma, Italien\n\t\t\t\t<\/dd><\/dl><dl class='gallery-item'>\n\t\t\t<dt class='gallery-icon portrait'>\n\t\t\t\t<a href='https:\/\/ecobnb.de\/blog\/teilen-sie-ihr-grunes-reiseabenteuer\/sony-dsc-2\/#main'><img width=\"270\" height=\"200\" src=\"https:\/\/ecobnb.de\/blog\/app\/uploads\/sites\/4\/2015\/10\/b_breakfast-2-p-270x200.jpg\" class=\"attachment-thumbnail size-thumbnail\" alt=\"Bio-Fr\u00fchst\u00fcck, Corte di Woodly G\u00e4stehaus, Lesignano de Bagni, Parma\" aria-describedby=\"gallery-1-17\" \/><\/a>\n\t\t\t<\/dt>\n\t\t\t\t<dd class='wp-caption-text gallery-caption' id='gallery-1-17'>\n\t\t\t\tBio-Fr\u00fchst\u00fcck, Corte di Woodly G\u00e4stehaus\n\t\t\t\t<\/dd><\/dl><br style=\"clear: both\" \/>\n\t\t<\/div>\n\n<h4>Weitere Informationen zum Ecobnb-Projekt:<\/h4>\n<h4><a href=\"https:\/\/ecobnb.com\/blog\/app\/uploads\/sites\/3\/2015\/03\/Share_your_green_adventur-GER-OK.pdf\">Wettbewerb &#8222;Teilen Sie Ihr \u00d6ko-Abenteuer\u201d<\/a><\/h4>\n<h4><a href=\"https:\/\/ecobnb.com\/blog\/app\/uploads\/sites\/3\/2015\/03\/Application-form-contest-ger.pdf\">Bewerbungsformular<\/a><\/h4>\n<h4><a title=\"Facebook\" href=\"https:\/\/www.facebook.com\/ecobnb.de\" target=\"_blank\">Facebook Page<\/a><\/h4>\n<h4><a title=\"Twitter German\" href=\"https:\/\/twitter.com\/ecobnb_de\" target=\"_blank\">Twitter<\/a><\/h4>\n<h4><a title=\"Google+\" href=\"https:\/\/plus.google.com\/106749601759165419490\/posts\" target=\"_blank\">Google+<\/a><\/h4>\n","protected":false},"excerpt":{"rendered":"<p>Helfen Sie mit Ihren Reiseerfahrungen, nachhaltige und verantwortungsvolle Reiserouten in Europa zu erstellen und gewinnen Sie ein Wochenende f\u00fcr 2 Personen Teilen Sie Ihr gr\u00fcnes Reiseabenteuer! \u00a0Der Wettbewerb von Ecobnb.com findet erstmals im Rahmen des Festivals f\u00fcr nachhaltigen Tourismus IT.A.CA statt. Der Wettbewerb ist Teil des Projekts EcoDots, in dem neben der Touristeninformation Parma und [&hellip;]<\/p>\n","protected":false},"author":3,"featured_media":22,"parent":0,"menu_order":0,"comment_status":"closed","ping_status":"open","template":"","meta":[],"acf":[],"yoast_head":"<!-- This site is optimized with the Yoast SEO plugin v19.9 - https:\/\/yoast.com\/wordpress\/plugins\/seo\/ -->\n<title>Teilen Sie Ihr gr\u00fcnes Reiseabenteuer - Ecobnb<\/title>\n<meta name=\"description\" content=\"Teilen Sie Ihr gr\u00fcnes Reiseabenteuer, nachhaltige und verantwortungsvolle Reiserouten in Europa zu erstellen und gewinnen Sie ein Wochenende f\u00fcr 2 Personen\" \/>\n<meta name=\"robots\" content=\"index, follow, max-snippet:-1, max-image-preview:large, max-video-preview:-1\" \/>\n<link rel=\"canonical\" href=\"https:\/\/ecobnb.de\/blog\/teilen-sie-ihr-grunes-reiseabenteuer\/\" \/>\n<meta property=\"og:locale\" content=\"de_DE\" \/>\n<meta property=\"og:type\" content=\"article\" \/>\n<meta property=\"og:title\" content=\"Teilen Sie Ihr gr\u00fcnes Reiseabenteuer - Ecobnb\" \/>\n<meta property=\"og:description\" content=\"Teilen Sie Ihr gr\u00fcnes Reiseabenteuer, nachhaltige und verantwortungsvolle Reiserouten in Europa zu erstellen und gewinnen Sie ein Wochenende f\u00fcr 2 Personen\" \/>\n<meta property=\"og:url\" content=\"https:\/\/ecobnb.de\/blog\/teilen-sie-ihr-grunes-reiseabenteuer\/\" \/>\n<meta property=\"og:site_name\" content=\"Ecobnb\" \/>\n<meta property=\"article:modified_time\" content=\"2015-10-05T12:06:13+00:00\" \/>\n<meta property=\"og:image\" content=\"https:\/\/ecobnb.de\/blog\/app\/uploads\/sites\/4\/2015\/10\/ShareYourGreenExperience_TEDESCO-01.jpg\" \/>\n\t<meta property=\"og:image:width\" content=\"1170\" \/>\n\t<meta property=\"og:image:height\" content=\"490\" \/>\n\t<meta property=\"og:image:type\" content=\"image\/jpeg\" \/>\n<meta name=\"twitter:card\" content=\"summary_large_image\" \/>\n<meta name=\"twitter:label1\" content=\"Est. reading time\" \/>\n\t<meta name=\"twitter:data1\" content=\"2 minutes\" \/>\n<!-- \/ Yoast SEO plugin. -->","yoast_head_json":{"title":"Teilen Sie Ihr gr\u00fcnes Reiseabenteuer - Ecobnb","description":"Teilen Sie Ihr gr\u00fcnes Reiseabenteuer, nachhaltige und verantwortungsvolle Reiserouten in Europa zu erstellen und gewinnen Sie ein Wochenende f\u00fcr 2 Personen","robots":{"index":"index","follow":"follow","max-snippet":"max-snippet:-1","max-image-preview":"max-image-preview:large","max-video-preview":"max-video-preview:-1"},"canonical":"https:\/\/ecobnb.de\/blog\/teilen-sie-ihr-grunes-reiseabenteuer\/","og_locale":"de_DE","og_type":"article","og_title":"Teilen Sie Ihr gr\u00fcnes Reiseabenteuer - Ecobnb","og_description":"Teilen Sie Ihr gr\u00fcnes Reiseabenteuer, nachhaltige und verantwortungsvolle Reiserouten in Europa zu erstellen und gewinnen Sie ein Wochenende f\u00fcr 2 Personen","og_url":"https:\/\/ecobnb.de\/blog\/teilen-sie-ihr-grunes-reiseabenteuer\/","og_site_name":"Ecobnb","article_modified_time":"2015-10-05T12:06:13+00:00","og_image":[{"width":1170,"height":490,"url":"https:\/\/ecobnb.de\/blog\/app\/uploads\/sites\/4\/2015\/10\/ShareYourGreenExperience_TEDESCO-01.jpg","type":"image\/jpeg"}],"twitter_card":"summary_large_image","twitter_misc":{"Est. reading time":"2 minutes"},"schema":{"@context":"https:\/\/schema.org","@graph":[{"@type":"WebPage","@id":"https:\/\/ecobnb.de\/blog\/teilen-sie-ihr-grunes-reiseabenteuer\/","url":"https:\/\/ecobnb.de\/blog\/teilen-sie-ihr-grunes-reiseabenteuer\/","name":"Teilen Sie Ihr gr\u00fcnes Reiseabenteuer - Ecobnb","isPartOf":{"@id":"https:\/\/ecobnb.de\/blog\/#website"},"datePublished":"2015-10-05T09:21:21+00:00","dateModified":"2015-10-05T12:06:13+00:00","description":"Teilen Sie Ihr gr\u00fcnes Reiseabenteuer, nachhaltige und verantwortungsvolle Reiserouten in Europa zu erstellen und gewinnen Sie ein Wochenende f\u00fcr 2 Personen","breadcrumb":{"@id":"https:\/\/ecobnb.de\/blog\/teilen-sie-ihr-grunes-reiseabenteuer\/#breadcrumb"},"inLanguage":"de-DE","potentialAction":[{"@type":"ReadAction","target":["https:\/\/ecobnb.de\/blog\/teilen-sie-ihr-grunes-reiseabenteuer\/"]}]},{"@type":"BreadcrumbList","@id":"https:\/\/ecobnb.de\/blog\/teilen-sie-ihr-grunes-reiseabenteuer\/#breadcrumb","itemListElement":[{"@type":"ListItem","position":1,"name":"Home","item":"https:\/\/ecobnb.de\/blog\/"},{"@type":"ListItem","position":2,"name":"Teilen Sie Ihr gr\u00fcnes Reiseabenteuer"}]},{"@type":"WebSite","@id":"https:\/\/ecobnb.de\/blog\/#website","url":"https:\/\/ecobnb.de\/blog\/","name":"Ecobnb","description":"Find sustainable accommodation","potentialAction":[{"@type":"SearchAction","target":{"@type":"EntryPoint","urlTemplate":"https:\/\/ecobnb.de\/blog\/?s={search_term_string}"},"query-input":"required name=search_term_string"}],"inLanguage":"de-DE"}]}},"_links":{"self":[{"href":"https:\/\/ecobnb.de\/blog\/wp-json\/wp\/v2\/pages\/8"}],"collection":[{"href":"https:\/\/ecobnb.de\/blog\/wp-json\/wp\/v2\/pages"}],"about":[{"href":"https:\/\/ecobnb.de\/blog\/wp-json\/wp\/v2\/types\/page"}],"author":[{"embeddable":true,"href":"https:\/\/ecobnb.de\/blog\/wp-json\/wp\/v2\/users\/3"}],"replies":[{"embeddable":true,"href":"https:\/\/ecobnb.de\/blog\/wp-json\/wp\/v2\/comments?post=8"}],"version-history":[{"count":4,"href":"https:\/\/ecobnb.de\/blog\/wp-json\/wp\/v2\/pages\/8\/revisions"}],"predecessor-version":[{"id":24,"href":"https:\/\/ecobnb.de\/blog\/wp-json\/wp\/v2\/pages\/8\/revisions\/24"}],"wp:featuredmedia":[{"embeddable":true,"href":"https:\/\/ecobnb.de\/blog\/wp-json\/wp\/v2\/media\/22"}],"wp:attachment":[{"href":"https:\/\/ecobnb.de\/blog\/wp-json\/wp\/v2\/media?parent=8"}],"curies":[{"name":"wp","href":"https:\/\/api.w.org\/{rel}","templated":true}]}}